{"id":306,"date":"2016-01-03T11:53:47","date_gmt":"2016-01-03T10:53:47","guid":{"rendered":"http:\/\/www.best-bottles.de\/?post_type=product&#038;p=306"},"modified":"2023-01-13T07:27:28","modified_gmt":"2023-01-13T06:27:28","slug":"havana-club-anejo-especial-07-l-rum","status":"publish","type":"product","link":"https:\/\/www.best-bottles.de\/?product=havana-club-anejo-especial-07-l-rum","title":{"rendered":"Havana Club A\u00f1ejo Especial 0,7 l RUM"},"content":{"rendered":"<h3>Havana Club A\u00f1ejo Especial 0,7 l RUM<\/h3>\n<p>Die mehrj\u00e4hrige, nat\u00fcrliche Reifung in jungen Eichenf\u00e4ssern auf Kuba verleiht <strong>Havana Club A\u00f1ejo Especial<\/strong> seine warme Bernsteinfarbe und seinen sanften Geschmack. So gereift, entwickelt er die charackteristische, leichte Vanillenote f\u00fcr einen perfekten Mix mit Cola oder auf Eis. Diesen speziellen Rum genie\u00dft man am besten typisch kubanisch &#8211; mit den besten Freunden.<\/p>\n<figure id=\"attachment_297\" aria-describedby=\"caption-attachment-297\" style=\"width: 180px\" class=\"wp-caption alignleft\"><a href=\"https:\/\/www.best-bottles.de\/wp-content\/uploads\/2016\/01\/havana-club-anejo-especial-0-7-l-label.jpg\"><img loading=\"lazy\" class=\"wp-image-297 size-square\" src=\"https:\/\/www.best-bottles.de\/wp-content\/uploads\/2016\/01\/havana-club-anejo-especial-0-7-l-label-180x180.jpg\" alt=\"Havana Club A\u00f1ejo Especial\" width=\"180\" height=\"180\" srcset=\"https:\/\/www.best-bottles.de\/wp-content\/uploads\/2016\/01\/havana-club-anejo-especial-0-7-l-label-180x180.jpg 180w, https:\/\/www.best-bottles.de\/wp-content\/uploads\/2016\/01\/havana-club-anejo-especial-0-7-l-label-450x450.jpg 450w, https:\/\/www.best-bottles.de\/wp-content\/uploads\/2016\/01\/havana-club-anejo-especial-0-7-l-label-100x100.jpg 100w, https:\/\/www.best-bottles.de\/wp-content\/uploads\/2016\/01\/havana-club-anejo-especial-0-7-l-label-80x80.jpg 80w, https:\/\/www.best-bottles.de\/wp-content\/uploads\/2016\/01\/havana-club-anejo-especial-0-7-l-label-300x300.jpg 300w, https:\/\/www.best-bottles.de\/wp-content\/uploads\/2016\/01\/havana-club-anejo-especial-0-7-l-label-768x768.jpg 768w, https:\/\/www.best-bottles.de\/wp-content\/uploads\/2016\/01\/havana-club-anejo-especial-0-7-l-label-1030x1030.jpg 1030w, https:\/\/www.best-bottles.de\/wp-content\/uploads\/2016\/01\/havana-club-anejo-especial-0-7-l-label-65x65.jpg 65w, https:\/\/www.best-bottles.de\/wp-content\/uploads\/2016\/01\/havana-club-anejo-especial-0-7-l-label-36x36.jpg 36w, https:\/\/www.best-bottles.de\/wp-content\/uploads\/2016\/01\/havana-club-anejo-especial-0-7-l-label-705x705.jpg 705w, https:\/\/www.best-bottles.de\/wp-content\/uploads\/2016\/01\/havana-club-anejo-especial-0-7-l-label.jpg 1350w\" sizes=\"(max-width: 180px) 100vw, 180px\" \/><\/a><figcaption id=\"caption-attachment-297\" class=\"wp-caption-text\">Havana Club A\u00f1ejo Especial<\/figcaption><\/figure>\n<p>Alkoholgehalt: 40% (Vol.)<\/p>\n<p>Die Destellerie hat 2013 einen Aussto\u00df von ca. 45 Millionen Litern. Das ist zwar nur etwa ein viertel des Ausstosses von Bacardi &#8211; Trotzdem geh\u00f6rt <a href=\"https:\/\/www.best-bottles.de\/rum\/havana-club\/\">Havana Club<\/a> zu den Weltmarktf\u00fchrern im Segment &#8222;\u00e4lterer brauner Rum&#8220;. Das hat nicht zuletzt mit dem franz\u00f6sischen Unternehmen Pernod Ricard zu tun, das 1993 den Weltvertrieb au\u00dferhalb von Kuba \u00fcbernommen hat. Gerade in der j\u00fcngeren Vergangenheit hat sich Havana Club mit hervorragendem &#8222;braunen Rums&#8220;, den Sorten Uni\u00f3n und M\u00e1ximo Extra A\u00f1ejo. Aber auch der Havana Club A\u00f1ejo Especial ist ein hervorragender brauner Rum zum mixen.<\/p>\n<blockquote><p>EL RON DE CUBA<\/p><\/blockquote>\n<p>&nbsp;<\/p>\n<p>&nbsp;<\/p>\n<p><strong>Havana Club A\u00f1ejo Especial<\/strong> als junger <a href=\"https:\/\/www.best-bottles.de\/produkt-schlagwort\/brauner-rum\/\">brauner Rum <\/a>eignet sich hervorragen f\u00fcr folgende Getr\u00e4nke bzw. Cocktails:<\/p>\n<ul>\n<li><a href=\"https:\/\/www.best-bottles.de\/rezepte\/cuba-libre\/\">Cuba Libre<\/a><\/li>\n<li><a href=\"https:\/\/www.best-bottles.de\/rezepte\/cubata\/\">Cubata<\/a><\/li>\n<li><a href=\"https:\/\/www.best-bottles.de\/rezepte\/rum-cola-rezept\/\">Rum Cola<\/a><\/li>\n<\/ul>\n<p><strong>Hersteller:<\/strong> Havana Club International S.A., La Habana, Cuba<br \/>\n<strong>Alleinimport &amp; Vertrieb Deutschland:<\/strong> Pernod Ricard Deutschland GmbH, Habsburgring 2, 50674 K\u00f6ln, <a href=\"http:\/\/www.havana-club.de\" target=\"_blank\">http:\/\/www.havana-club.de<\/a><br \/>\n<strong>Alleinimport &amp; Vertrieb \u00d6sterreich:<\/strong> Pernod Ricard Austria GmbH, 1210 Vienna, <a href=\"http:\/\/www.havana-club.at\" target=\"_blank\">http:\/\/www.havana-club.at<\/a><\/p>\n<p>[adult_message]<\/p>\n","protected":false},"excerpt":{"rendered":"<p>Havana Club A\u00f1ejo Especial reift mehrere Jahre lang in jungen Eichenf\u00e4ssern auf Kuba. Dadurch erh\u00e4lt er seine typische Bernstein Farbe und seine frische, aber dennoch aromatische Vanille Note.<\/p>\n","protected":false},"featured_media":297,"comment_status":"open","ping_status":"closed","template":"","meta":{"site-sidebar-layout":"default","site-content-layout":"","ast-site-content-layout":"default","site-content-style":"default","site-sidebar-style":"default","ast-global-header-display":"","ast-banner-title-visibility":"","ast-main-header-display":"","ast-hfb-above-header-display":"","ast-hfb-below-header-display":"","ast-hfb-mobile-header-display":"","site-post-title":"","ast-breadcrumbs-content":"","ast-featured-img":"","footer-sml-layout":"","theme-transparent-header-meta":"","adv-header-id-meta":"","stick-header-meta":"","header-above-stick-meta":"","header-main-stick-meta":"","header-below-stick-meta":"","astra-migrate-meta-layouts":"default","ast-page-background-enabled":"default","ast-page-background-meta":{"desktop":{"background-color":"var(--ast-global-color-5)","background-image":"","background-repeat":"repeat","background-position":"center center","background-size":"auto","background-attachment":"scroll","background-type":"","background-media":"","overlay-type":"","overlay-color":"","overlay-opacity":"","overlay-gradient":""},"tablet":{"background-color":"","background-image":"","background-repeat":"repeat","background-position":"center center","background-size":"auto","background-attachment":"scroll","background-type":"","background-media":"","overlay-type":"","overlay-color":"","overlay-opacity":"","overlay-gradient":""},"mobile":{"background-color":"","background-image":"","background-repeat":"repeat","background-position":"center center","background-size":"auto","background-attachment":"scroll","background-type":"","background-media":"","overlay-type":"","overlay-color":"","overlay-opacity":"","overlay-gradient":""}},"ast-content-background-meta":{"desktop":{"background-color":"var(--ast-global-color-4)","background-image":"","background-repeat":"repeat","background-position":"center center","background-size":"auto","background-attachment":"scroll","background-type":"","background-media":"","overlay-type":"","overlay-color":"","overlay-opacity":"","overlay-gradient":""},"tablet":{"background-color":"var(--ast-global-color-4)","background-image":"","background-repeat":"repeat","background-position":"center center","background-size":"auto","background-attachment":"scroll","background-type":"","background-media":"","overlay-type":"","overlay-color":"","overlay-opacity":"","overlay-gradient":""},"mobile":{"background-color":"var(--ast-global-color-4)","background-image":"","background-repeat":"repeat","background-position":"center center","background-size":"auto","background-attachment":"scroll","background-type":"","background-media":"","overlay-type":"","overlay-color":"","overlay-opacity":"","overlay-gradient":""}}},"product_cat":[31],"product_tag":[60,58,50],"yoast_head":"<!-- This site is optimized with the Yoast SEO plugin v18.6 - https:\/\/yoast.com\/wordpress\/plugins\/seo\/ -->\n<title>Havana Club A\u00f1ejo Especial 0,7l RUM - best-bottles.de<\/title>\n<meta name=\"description\" content=\"18,50\u20ac [26,43\u20ac\/l], Alkoholgehalt 40%. Hol Dir Havana Club A\u00f1ejo Especial 0,7 l Rum f\u00fcr deine Party. Unerl\u00e4sslich pur, auf Eis, Cubata oder Cuba Libre...\" \/>\n<meta name=\"robots\" content=\"index, follow, max-snippet:-1, max-image-preview:large, max-video-preview:-1\" \/>\n<link rel=\"canonical\" href=\"https:\/\/www.best-bottles.de\/?product=havana-club-anejo-especial-07-l-rum\" \/>\n<meta property=\"og:locale\" content=\"de_DE\" \/>\n<meta property=\"og:type\" content=\"article\" \/>\n<meta property=\"og:title\" content=\"Havana Club A\u00f1ejo Especial 0,7l RUM - best-bottles.de\" \/>\n<meta property=\"og:description\" content=\"18,50\u20ac [26,43\u20ac\/l], Alkoholgehalt 40%. Hol Dir Havana Club A\u00f1ejo Especial 0,7 l Rum f\u00fcr deine Party. Unerl\u00e4sslich pur, auf Eis, Cubata oder Cua Libre...\" \/>\n<meta property=\"og:url\" content=\"https:\/\/www.best-bottles.de\/?product=havana-club-anejo-especial-07-l-rum\" \/>\n<meta property=\"og:site_name\" content=\"Best Bottles - Ihr Partner f\u00fcr RUM &amp; Co\" \/>\n<meta property=\"article:modified_time\" content=\"2023-01-13T06:27:28+00:00\" \/>\n<meta property=\"og:image\" content=\"https:\/\/www.best-bottles.de\/wp-content\/uploads\/2016\/01\/havana-club-anejo-especial-0-7-l-label.jpg\" \/>\n<meta name=\"twitter:card\" content=\"summary\" \/>\n<meta name=\"twitter:label1\" content=\"Gesch\u00e4tzte Lesezeit\" \/>\n\t<meta name=\"twitter:data1\" content=\"1\u00a0Minute\" \/>\n<script type=\"application\/ld+json\" class=\"yoast-schema-graph\">{\"@context\":\"https:\/\/schema.org\",\"@graph\":[{\"@type\":\"Organization\",\"@id\":\"https:\/\/www.best-bottles.de\/#organization\",\"name\":\"best-bottles.de\",\"url\":\"https:\/\/www.best-bottles.de\/\",\"sameAs\":[],\"logo\":{\"@type\":\"ImageObject\",\"@id\":\"https:\/\/www.best-bottles.de\/#logo\",\"inLanguage\":\"de\",\"url\":\"https:\/\/www.best-bottles.de\/wp-content\/uploads\/2016\/01\/logo.jpg\",\"contentUrl\":\"https:\/\/www.best-bottles.de\/wp-content\/uploads\/2016\/01\/logo.jpg\",\"width\":646,\"height\":646,\"caption\":\"best-bottles.de\"},\"image\":{\"@id\":\"https:\/\/www.best-bottles.de\/#logo\"}},{\"@type\":\"WebSite\",\"@id\":\"https:\/\/www.best-bottles.de\/#website\",\"url\":\"https:\/\/www.best-bottles.de\/\",\"name\":\"Best Bottles - Ihr Partner f\u00fcr RUM &amp; Co\",\"description\":\"Eine weitere WordPress-Seite\",\"publisher\":{\"@id\":\"https:\/\/www.best-bottles.de\/#organization\"},\"potentialAction\":[{\"@type\":\"SearchAction\",\"target\":{\"@type\":\"EntryPoint\",\"urlTemplate\":\"https:\/\/www.best-bottles.de\/?s={search_term_string}\"},\"query-input\":\"required name=search_term_string\"}],\"inLanguage\":\"de\"},{\"@type\":\"ImageObject\",\"@id\":\"https:\/\/www.best-bottles.de\/?product=havana-club-anejo-especial-07-l-rum#primaryimage\",\"inLanguage\":\"de\",\"url\":\"\",\"contentUrl\":\"\"},{\"@type\":\"WebPage\",\"@id\":\"https:\/\/www.best-bottles.de\/?product=havana-club-anejo-especial-07-l-rum#webpage\",\"url\":\"https:\/\/www.best-bottles.de\/?product=havana-club-anejo-especial-07-l-rum\",\"name\":\"Havana Club A\u00f1ejo Especial 0,7l RUM - best-bottles.de\",\"isPartOf\":{\"@id\":\"https:\/\/www.best-bottles.de\/#website\"},\"primaryImageOfPage\":{\"@id\":\"https:\/\/www.best-bottles.de\/?product=havana-club-anejo-especial-07-l-rum#primaryimage\"},\"datePublished\":\"2016-01-03T10:53:47+00:00\",\"dateModified\":\"2023-01-13T06:27:28+00:00\",\"description\":\"18,50\u20ac [26,43\u20ac\/l], Alkoholgehalt 40%. Hol Dir Havana Club A\u00f1ejo Especial 0,7 l Rum f\u00fcr deine Party. Unerl\u00e4sslich pur, auf Eis, Cubata oder Cuba Libre...\",\"breadcrumb\":{\"@id\":\"https:\/\/www.best-bottles.de\/?product=havana-club-anejo-especial-07-l-rum#breadcrumb\"},\"inLanguage\":\"de\",\"potentialAction\":[{\"@type\":\"ReadAction\",\"target\":[\"https:\/\/www.best-bottles.de\/?product=havana-club-anejo-especial-07-l-rum\"]}]},{\"@type\":\"BreadcrumbList\",\"@id\":\"https:\/\/www.best-bottles.de\/?product=havana-club-anejo-especial-07-l-rum#breadcrumb\",\"itemListElement\":[{\"@type\":\"ListItem\",\"position\":1,\"name\":\"Home\",\"item\":\"https:\/\/www.best-bottles.de\/\"},{\"@type\":\"ListItem\",\"position\":2,\"name\":\"Shop\",\"item\":\"https:\/\/www.best-bottles.de\/?page_id=4\"},{\"@type\":\"ListItem\",\"position\":3,\"name\":\"Havana Club A\u00f1ejo Especial 0,7 l RUM\"}]}]}<\/script>\n<!-- \/ Yoast SEO plugin. -->","yoast_head_json":{"title":"Havana Club A\u00f1ejo Especial 0,7l RUM - best-bottles.de","description":"18,50\u20ac [26,43\u20ac\/l], Alkoholgehalt 40%. Hol Dir Havana Club A\u00f1ejo Especial 0,7 l Rum f\u00fcr deine Party. Unerl\u00e4sslich pur, auf Eis, Cubata oder Cuba Libre...","robots":{"index":"index","follow":"follow","max-snippet":"max-snippet:-1","max-image-preview":"max-image-preview:large","max-video-preview":"max-video-preview:-1"},"canonical":"https:\/\/www.best-bottles.de\/?product=havana-club-anejo-especial-07-l-rum","og_locale":"de_DE","og_type":"article","og_title":"Havana Club A\u00f1ejo Especial 0,7l RUM - best-bottles.de","og_description":"18,50\u20ac [26,43\u20ac\/l], Alkoholgehalt 40%. Hol Dir Havana Club A\u00f1ejo Especial 0,7 l Rum f\u00fcr deine Party. Unerl\u00e4sslich pur, auf Eis, Cubata oder Cua Libre...","og_url":"https:\/\/www.best-bottles.de\/?product=havana-club-anejo-especial-07-l-rum","og_site_name":"Best Bottles - Ihr Partner f\u00fcr RUM &amp; Co","article_modified_time":"2023-01-13T06:27:28+00:00","og_image":[{"url":"https:\/\/www.best-bottles.de\/wp-content\/uploads\/2016\/01\/havana-club-anejo-especial-0-7-l-label.jpg"}],"twitter_card":"summary","twitter_misc":{"Gesch\u00e4tzte Lesezeit":"1\u00a0Minute"},"schema":{"@context":"https:\/\/schema.org","@graph":[{"@type":"Organization","@id":"https:\/\/www.best-bottles.de\/#organization","name":"best-bottles.de","url":"https:\/\/www.best-bottles.de\/","sameAs":[],"logo":{"@type":"ImageObject","@id":"https:\/\/www.best-bottles.de\/#logo","inLanguage":"de","url":"https:\/\/www.best-bottles.de\/wp-content\/uploads\/2016\/01\/logo.jpg","contentUrl":"https:\/\/www.best-bottles.de\/wp-content\/uploads\/2016\/01\/logo.jpg","width":646,"height":646,"caption":"best-bottles.de"},"image":{"@id":"https:\/\/www.best-bottles.de\/#logo"}},{"@type":"WebSite","@id":"https:\/\/www.best-bottles.de\/#website","url":"https:\/\/www.best-bottles.de\/","name":"Best Bottles - Ihr Partner f\u00fcr RUM &amp; Co","description":"Eine weitere WordPress-Seite","publisher":{"@id":"https:\/\/www.best-bottles.de\/#organization"},"potentialAction":[{"@type":"SearchAction","target":{"@type":"EntryPoint","urlTemplate":"https:\/\/www.best-bottles.de\/?s={search_term_string}"},"query-input":"required name=search_term_string"}],"inLanguage":"de"},{"@type":"ImageObject","@id":"https:\/\/www.best-bottles.de\/?product=havana-club-anejo-especial-07-l-rum#primaryimage","inLanguage":"de","url":"","contentUrl":""},{"@type":"WebPage","@id":"https:\/\/www.best-bottles.de\/?product=havana-club-anejo-especial-07-l-rum#webpage","url":"https:\/\/www.best-bottles.de\/?product=havana-club-anejo-especial-07-l-rum","name":"Havana Club A\u00f1ejo Especial 0,7l RUM - best-bottles.de","isPartOf":{"@id":"https:\/\/www.best-bottles.de\/#website"},"primaryImageOfPage":{"@id":"https:\/\/www.best-bottles.de\/?product=havana-club-anejo-especial-07-l-rum#primaryimage"},"datePublished":"2016-01-03T10:53:47+00:00","dateModified":"2023-01-13T06:27:28+00:00","description":"18,50\u20ac [26,43\u20ac\/l], Alkoholgehalt 40%. Hol Dir Havana Club A\u00f1ejo Especial 0,7 l Rum f\u00fcr deine Party. Unerl\u00e4sslich pur, auf Eis, Cubata oder Cuba Libre...","breadcrumb":{"@id":"https:\/\/www.best-bottles.de\/?product=havana-club-anejo-especial-07-l-rum#breadcrumb"},"inLanguage":"de","potentialAction":[{"@type":"ReadAction","target":["https:\/\/www.best-bottles.de\/?product=havana-club-anejo-especial-07-l-rum"]}]},{"@type":"BreadcrumbList","@id":"https:\/\/www.best-bottles.de\/?product=havana-club-anejo-especial-07-l-rum#breadcrumb","itemListElement":[{"@type":"ListItem","position":1,"name":"Home","item":"https:\/\/www.best-bottles.de\/"},{"@type":"ListItem","position":2,"name":"Shop","item":"https:\/\/www.best-bottles.de\/?page_id=4"},{"@type":"ListItem","position":3,"name":"Havana Club A\u00f1ejo Especial 0,7 l RUM"}]}]}},"_links":{"self":[{"href":"https:\/\/www.best-bottles.de\/index.php?rest_route=\/wp\/v2\/product\/306"}],"collection":[{"href":"https:\/\/www.best-bottles.de\/index.php?rest_route=\/wp\/v2\/product"}],"about":[{"href":"https:\/\/www.best-bottles.de\/index.php?rest_route=\/wp\/v2\/types\/product"}],"replies":[{"embeddable":true,"href":"https:\/\/www.best-bottles.de\/index.php?rest_route=%2Fwp%2Fv2%2Fcomments&post=306"}],"wp:featuredmedia":[{"embeddable":true,"href":"https:\/\/www.best-bottles.de\/index.php?rest_route=\/wp\/v2\/media\/297"}],"wp:attachment":[{"href":"https:\/\/www.best-bottles.de\/index.php?rest_route=%2Fwp%2Fv2%2Fmedia&parent=306"}],"wp:term":[{"taxonomy":"product_cat","embeddable":true,"href":"https:\/\/www.best-bottles.de\/index.php?rest_route=%2Fwp%2Fv2%2Fproduct_cat&post=306"},{"taxonomy":"product_tag","embeddable":true,"href":"https:\/\/www.best-bottles.de\/index.php?rest_route=%2Fwp%2Fv2%2Fproduct_tag&post=306"}],"curies":[{"name":"wp","href":"https:\/\/api.w.org\/{rel}","templated":true}]}}