{"id":1107,"date":"2016-03-13T14:50:18","date_gmt":"2016-03-13T13:50:18","guid":{"rendered":"https:\/\/www.best-bottles.de\/nl\/produkt\/unkategorisiert\/havana-club-anejo-7-anos-geschenkset\/"},"modified":"2025-05-22T07:31:42","modified_gmt":"2025-05-22T05:31:42","slug":"havana-club-anejo-7-anos-gift","status":"publish","type":"product","link":"https:\/\/www.best-bottles.de\/?product=havana-club-anejo-7-anos-gift","title":{"rendered":"Havana Club A\u00f1ejo 7 A\u00f1os Gift"},"content":{"rendered":"<h3>Havana Club A\u00f1ejo 7 A\u00f1os Gift<\/h3>\n<p>Dit <strong>Havana Club A\u00f1ejo 7 A\u00f1os gift<\/strong> set bestaat uit:<\/p>\n<ul>\n<li>1 fles Havana Club A\u00f1ejo 7 A\u00f1os 0,7l<\/li>\n<li>1 bittere waarheid exxence van cuba Smaak: &#8222;Iceland Fruit&#8220;<\/li>\n<li>1 Glass (Tumbler) met 2 cl en 4cl meetsnoer<\/li>\n<\/ul>\n<p><strong>Havana Club A\u00f1ejo 7 A\u00f1os<\/strong> verouderd gedurende ten minste 7 jaar in eiken vaten in Cuba, waardoor het zijn kleur en besondeere noot.<\/p>\n<p>De intensieve complexe aroma inspireert met aroma&#8217;s van honing, vanille, chocolade, cacao, tabak, gedroogd fruit en specerijen.<br \/>\nDe uitgebalanceerde afdronk is krachtig en volle smaak op hetzelfde moment.<\/p>\n<p><em>(DON JOS\u00c9 NAVARRO, PRIMER MAESTRO RONERO von Havana Club)<\/em><\/p>\n<p><img loading=\"lazy\" class=\"alignleft wp-image-563 size-medium\" title=\"Havana Club A\u00f1ejo 7 A\u00f1os Gift\" src=\"https:\/\/www.best-bottles.de\/wp-content\/uploads\/2016\/03\/havana-club-anejo-7-anos-geschenkset-open-300x300.jpg\" alt=\"Havana Club A\u00f1ejo 7 A\u00f1os Gift\" width=\"300\" height=\"300\" srcset=\"https:\/\/www.best-bottles.de\/wp-content\/uploads\/2016\/03\/havana-club-anejo-7-anos-geschenkset-open-300x300.jpg 300w, https:\/\/www.best-bottles.de\/wp-content\/uploads\/2016\/03\/havana-club-anejo-7-anos-geschenkset-open-450x450.jpg 450w, https:\/\/www.best-bottles.de\/wp-content\/uploads\/2016\/03\/havana-club-anejo-7-anos-geschenkset-open-100x100.jpg 100w, https:\/\/www.best-bottles.de\/wp-content\/uploads\/2016\/03\/havana-club-anejo-7-anos-geschenkset-open-80x80.jpg 80w, https:\/\/www.best-bottles.de\/wp-content\/uploads\/2016\/03\/havana-club-anejo-7-anos-geschenkset-open-768x768.jpg 768w, https:\/\/www.best-bottles.de\/wp-content\/uploads\/2016\/03\/havana-club-anejo-7-anos-geschenkset-open-1030x1030.jpg 1030w, https:\/\/www.best-bottles.de\/wp-content\/uploads\/2016\/03\/havana-club-anejo-7-anos-geschenkset-open-65x65.jpg 65w, https:\/\/www.best-bottles.de\/wp-content\/uploads\/2016\/03\/havana-club-anejo-7-anos-geschenkset-open-36x36.jpg 36w, https:\/\/www.best-bottles.de\/wp-content\/uploads\/2016\/03\/havana-club-anejo-7-anos-geschenkset-open-180x180.jpg 180w, https:\/\/www.best-bottles.de\/wp-content\/uploads\/2016\/03\/havana-club-anejo-7-anos-geschenkset-open-705x705.jpg 705w, https:\/\/www.best-bottles.de\/wp-content\/uploads\/2016\/03\/havana-club-anejo-7-anos-geschenkset-open.jpg 1350w\" sizes=\"(max-width: 300px) 100vw, 300px\" \/><\/p>\n<p><strong>Alcoholgehalte<\/strong>: 40% (Vol.)<\/p>\n<p>De Destellerie heeft 2013 uitwerpen van ongeveer 45 miljoen liter. Hoewel dit slechts ongeveer een kwart van de emissies van Bacardi &#8211; Still Havana Club is een van de wereldleiders in het segment &#8222;oudere bruine rum.&#8220; Dit moet niet in het minst te doen met het Franse Pernod Ricard, die in de loop van de wereldwijde distributie heeft genomen buiten Cuba 1993<\/p>\n<blockquote><p>EL RON DE CUBA<\/p><\/blockquote>\n<p>&nbsp;<\/p>\n<p>&nbsp;<\/p>\n<p>&nbsp;<\/p>\n<p>&nbsp;<\/p>\n<p>Havana Club A\u00f1ejo 7 A\u00f1os als <a href=\"https:\/\/www.best-bottles.de\/nl\/product-tag\/bruine-rum\/\">bruine rum<\/a> is ideaal voor de volgende drankjes en cocktails:<\/p>\n<ul>\n<li><a href=\"https:\/\/www.best-bottles.de\/rezepte\/cuba-libre\/\">Cuba Libre<\/a> (geconditioneerde*)<\/li>\n<li><a href=\"https:\/\/www.best-bottles.de\/rezepte\/cubata\/\">Cubata<\/a><\/li>\n<li><a href=\"https:\/\/www.best-bottles.de\/rezepte\/rum-cola-rezept\/\">Rum Cola<\/a> (geconditioneerde*)<\/li>\n<\/ul>\n<p><small>*door de lange veroudering in houten vaten krijgt de Havana Club A\u00f1ejo 7 A\u00f1os een volle ronde smaak, die niet noodzakelijkerwijs in harmonie Rum Cola. Afhankelijk van de mengverhouding, kan de cocktail niet beslissen of de harmonieuze rum smaak is beschadigd, of de cola naar beneden gaat. Hetzelfde geldt voor de Cuba Libre, want met de Havana Club A\u00f1ejo 7 A\u00f1os, het zou dan ook eerder een Cubata.<br \/>\n<\/small><\/p>\n<p><strong>Fabrikant:<\/strong> Havana Club International S.A., La Habana, Cuba<br \/>\n<strong>Alleen Import &amp; Vertrieb Duitsland:<\/strong> Pernod Ricard Deutschland GmbH, Habsburgring 2, 50674 K\u00f6ln, <a href=\"http:\/\/www.havana-club.de\" target=\"_blank\">http:\/\/www.havana-club.de<\/a><br \/>\n<strong>Alleen Import &amp; Sales Oostenrijk:<\/strong> Pernod Ricard Austria GmbH, 1210 Vienna, <a href=\"http:\/\/www.havana-club.at\" target=\"_blank\">http:\/\/www.havana-club.at<\/a><\/p>\n<p>[adult_message]<\/p>\n","protected":false},"excerpt":{"rendered":"<p>Havana Club A\u00f1ejo 7 A\u00f1os Geschenkset, das ideale Geschenk f\u00fcr RUM Liebhaber mit Flavor (Island Fruit) und einem Glas.<\/p>\n","protected":false},"featured_media":1092,"comment_status":"open","ping_status":"closed","template":"","meta":{"site-sidebar-layout":"default","site-content-layout":"","ast-site-content-layout":"default","site-content-style":"default","site-sidebar-style":"default","ast-global-header-display":"","ast-banner-title-visibility":"","ast-main-header-display":"","ast-hfb-above-header-display":"","ast-hfb-below-header-display":"","ast-hfb-mobile-header-display":"","site-post-title":"","ast-breadcrumbs-content":"","ast-featured-img":"","footer-sml-layout":"","theme-transparent-header-meta":"","adv-header-id-meta":"","stick-header-meta":"","header-above-stick-meta":"","header-main-stick-meta":"","header-below-stick-meta":"","astra-migrate-meta-layouts":"default","ast-page-background-enabled":"default","ast-page-background-meta":{"desktop":{"background-color":"var(--ast-global-color-5)","background-image":"","background-repeat":"repeat","background-position":"center center","background-size":"auto","background-attachment":"scroll","background-type":"","background-media":"","overlay-type":"","overlay-color":"","overlay-opacity":"","overlay-gradient":""},"tablet":{"background-color":"","background-image":"","background-repeat":"repeat","background-position":"center center","background-size":"auto","background-attachment":"scroll","background-type":"","background-media":"","overlay-type":"","overlay-color":"","overlay-opacity":"","overlay-gradient":""},"mobile":{"background-color":"","background-image":"","background-repeat":"repeat","background-position":"center center","background-size":"auto","background-attachment":"scroll","background-type":"","background-media":"","overlay-type":"","overlay-color":"","overlay-opacity":"","overlay-gradient":""}},"ast-content-background-meta":{"desktop":{"background-color":"var(--ast-global-color-4)","background-image":"","background-repeat":"repeat","background-position":"center center","background-size":"auto","background-attachment":"scroll","background-type":"","background-media":"","overlay-type":"","overlay-color":"","overlay-opacity":"","overlay-gradient":""},"tablet":{"background-color":"var(--ast-global-color-4)","background-image":"","background-repeat":"repeat","background-position":"center center","background-size":"auto","background-attachment":"scroll","background-type":"","background-media":"","overlay-type":"","overlay-color":"","overlay-opacity":"","overlay-gradient":""},"mobile":{"background-color":"var(--ast-global-color-4)","background-image":"","background-repeat":"repeat","background-position":"center center","background-size":"auto","background-attachment":"scroll","background-type":"","background-media":"","overlay-type":"","overlay-color":"","overlay-opacity":"","overlay-gradient":""}}},"product_cat":[147],"product_tag":[96,109,146,102,105],"yoast_head":"<!-- This site is optimized with the Yoast SEO plugin v18.6 - https:\/\/yoast.com\/wordpress\/plugins\/seo\/ -->\n<title>Havana Club A\u00f1ejo 7 A\u00f1os Gift<\/title>\n<meta name=\"description\" content=\"Havana Club A\u00f1ejo 7 A\u00f1os gift, het ideale geschenk voor wijnliefhebbers met Flavor (IJsland Fruit) en een glas\" \/>\n<meta name=\"robots\" content=\"index, follow, max-snippet:-1, max-image-preview:large, max-video-preview:-1\" \/>\n<link rel=\"canonical\" href=\"https:\/\/www.best-bottles.de\/?product=havana-club-anejo-7-anos-gift\" \/>\n<meta property=\"og:locale\" content=\"de_DE\" \/>\n<meta property=\"og:type\" content=\"article\" \/>\n<meta property=\"og:title\" content=\"Havana Club A\u00f1ejo 7 A\u00f1os Gift\" \/>\n<meta property=\"og:description\" content=\"Havana Club A\u00f1ejo 7 A\u00f1os gift, het ideale geschenk voor wijnliefhebbers met Flavor (IJsland Fruit) en een glas\" \/>\n<meta property=\"og:url\" content=\"https:\/\/www.best-bottles.de\/?product=havana-club-anejo-7-anos-gift\" \/>\n<meta property=\"og:site_name\" content=\"Best Bottles - Ihr Partner f\u00fcr RUM &amp; Co\" \/>\n<meta property=\"article:modified_time\" content=\"2025-05-22T05:31:42+00:00\" \/>\n<meta property=\"og:image\" content=\"https:\/\/www.best-bottles.de\/wp-content\/uploads\/2016\/03\/havana-club-anejo-7-anos-geschenkset-open.jpg\" \/>\n<meta name=\"twitter:card\" content=\"summary\" \/>\n<meta name=\"twitter:title\" content=\"Havana Club A\u00f1ejo 7 A\u00f1os Gift\" \/>\n<meta name=\"twitter:description\" content=\"Havana Club A\u00f1ejo 7 A\u00f1os gift, het ideale geschenk voor wijnliefhebbers met Flavor (IJsland Fruit) en een glas\" \/>\n<meta name=\"twitter:image\" content=\"https:\/\/www.best-bottles.de\/wp-content\/uploads\/2016\/03\/havana-club-anejo-7-anos-geschenkset-open.jpg\" \/>\n<meta name=\"twitter:label1\" content=\"Gesch\u00e4tzte Lesezeit\" \/>\n\t<meta name=\"twitter:data1\" content=\"2\u00a0Minuten\" \/>\n<script type=\"application\/ld+json\" class=\"yoast-schema-graph\">{\"@context\":\"https:\/\/schema.org\",\"@graph\":[{\"@type\":\"Organization\",\"@id\":\"https:\/\/www.best-bottles.de\/#organization\",\"name\":\"best-bottles.de\",\"url\":\"https:\/\/www.best-bottles.de\/\",\"sameAs\":[],\"logo\":{\"@type\":\"ImageObject\",\"@id\":\"https:\/\/www.best-bottles.de\/#logo\",\"inLanguage\":\"de\",\"url\":\"https:\/\/www.best-bottles.de\/wp-content\/uploads\/2016\/01\/logo.jpg\",\"contentUrl\":\"https:\/\/www.best-bottles.de\/wp-content\/uploads\/2016\/01\/logo.jpg\",\"width\":646,\"height\":646,\"caption\":\"best-bottles.de\"},\"image\":{\"@id\":\"https:\/\/www.best-bottles.de\/#logo\"}},{\"@type\":\"WebSite\",\"@id\":\"https:\/\/www.best-bottles.de\/#website\",\"url\":\"https:\/\/www.best-bottles.de\/\",\"name\":\"Best Bottles - Ihr Partner f\u00fcr RUM &amp; Co\",\"description\":\"Eine weitere WordPress-Seite\",\"publisher\":{\"@id\":\"https:\/\/www.best-bottles.de\/#organization\"},\"potentialAction\":[{\"@type\":\"SearchAction\",\"target\":{\"@type\":\"EntryPoint\",\"urlTemplate\":\"https:\/\/www.best-bottles.de\/?s={search_term_string}\"},\"query-input\":\"required name=search_term_string\"}],\"inLanguage\":\"de\"},{\"@type\":\"ImageObject\",\"@id\":\"https:\/\/www.best-bottles.de\/?product=havana-club-anejo-7-anos-gift#primaryimage\",\"inLanguage\":\"de\",\"url\":\"\",\"contentUrl\":\"\"},{\"@type\":\"WebPage\",\"@id\":\"https:\/\/www.best-bottles.de\/?product=havana-club-anejo-7-anos-gift#webpage\",\"url\":\"https:\/\/www.best-bottles.de\/?product=havana-club-anejo-7-anos-gift\",\"name\":\"Havana Club A\u00f1ejo 7 A\u00f1os Gift\",\"isPartOf\":{\"@id\":\"https:\/\/www.best-bottles.de\/#website\"},\"primaryImageOfPage\":{\"@id\":\"https:\/\/www.best-bottles.de\/?product=havana-club-anejo-7-anos-gift#primaryimage\"},\"datePublished\":\"2016-03-13T13:50:18+00:00\",\"dateModified\":\"2025-05-22T05:31:42+00:00\",\"description\":\"Havana Club A\u00f1ejo 7 A\u00f1os gift, het ideale geschenk voor wijnliefhebbers met Flavor (IJsland Fruit) en een glas\",\"breadcrumb\":{\"@id\":\"https:\/\/www.best-bottles.de\/?product=havana-club-anejo-7-anos-gift#breadcrumb\"},\"inLanguage\":\"de\",\"potentialAction\":[{\"@type\":\"ReadAction\",\"target\":[\"https:\/\/www.best-bottles.de\/?product=havana-club-anejo-7-anos-gift\"]}]},{\"@type\":\"BreadcrumbList\",\"@id\":\"https:\/\/www.best-bottles.de\/?product=havana-club-anejo-7-anos-gift#breadcrumb\",\"itemListElement\":[{\"@type\":\"ListItem\",\"position\":1,\"name\":\"Home\",\"item\":\"https:\/\/www.best-bottles.de\/\"},{\"@type\":\"ListItem\",\"position\":2,\"name\":\"Shop\",\"item\":\"https:\/\/www.best-bottles.de\/?page_id=4\"},{\"@type\":\"ListItem\",\"position\":3,\"name\":\"Havana Club A\u00f1ejo 7 A\u00f1os Gift\"}]}]}<\/script>\n<!-- \/ Yoast SEO plugin. -->","yoast_head_json":{"title":"Havana Club A\u00f1ejo 7 A\u00f1os Gift","description":"Havana Club A\u00f1ejo 7 A\u00f1os gift, het ideale geschenk voor wijnliefhebbers met Flavor (IJsland Fruit) en een glas","robots":{"index":"index","follow":"follow","max-snippet":"max-snippet:-1","max-image-preview":"max-image-preview:large","max-video-preview":"max-video-preview:-1"},"canonical":"https:\/\/www.best-bottles.de\/?product=havana-club-anejo-7-anos-gift","og_locale":"de_DE","og_type":"article","og_title":"Havana Club A\u00f1ejo 7 A\u00f1os Gift","og_description":"Havana Club A\u00f1ejo 7 A\u00f1os gift, het ideale geschenk voor wijnliefhebbers met Flavor (IJsland Fruit) en een glas","og_url":"https:\/\/www.best-bottles.de\/?product=havana-club-anejo-7-anos-gift","og_site_name":"Best Bottles - Ihr Partner f\u00fcr RUM &amp; Co","article_modified_time":"2025-05-22T05:31:42+00:00","og_image":[{"url":"https:\/\/www.best-bottles.de\/wp-content\/uploads\/2016\/03\/havana-club-anejo-7-anos-geschenkset-open.jpg"}],"twitter_card":"summary","twitter_title":"Havana Club A\u00f1ejo 7 A\u00f1os Gift","twitter_description":"Havana Club A\u00f1ejo 7 A\u00f1os gift, het ideale geschenk voor wijnliefhebbers met Flavor (IJsland Fruit) en een glas","twitter_image":"https:\/\/www.best-bottles.de\/wp-content\/uploads\/2016\/03\/havana-club-anejo-7-anos-geschenkset-open.jpg","twitter_misc":{"Gesch\u00e4tzte Lesezeit":"2\u00a0Minuten"},"schema":{"@context":"https:\/\/schema.org","@graph":[{"@type":"Organization","@id":"https:\/\/www.best-bottles.de\/#organization","name":"best-bottles.de","url":"https:\/\/www.best-bottles.de\/","sameAs":[],"logo":{"@type":"ImageObject","@id":"https:\/\/www.best-bottles.de\/#logo","inLanguage":"de","url":"https:\/\/www.best-bottles.de\/wp-content\/uploads\/2016\/01\/logo.jpg","contentUrl":"https:\/\/www.best-bottles.de\/wp-content\/uploads\/2016\/01\/logo.jpg","width":646,"height":646,"caption":"best-bottles.de"},"image":{"@id":"https:\/\/www.best-bottles.de\/#logo"}},{"@type":"WebSite","@id":"https:\/\/www.best-bottles.de\/#website","url":"https:\/\/www.best-bottles.de\/","name":"Best Bottles - Ihr Partner f\u00fcr RUM &amp; Co","description":"Eine weitere WordPress-Seite","publisher":{"@id":"https:\/\/www.best-bottles.de\/#organization"},"potentialAction":[{"@type":"SearchAction","target":{"@type":"EntryPoint","urlTemplate":"https:\/\/www.best-bottles.de\/?s={search_term_string}"},"query-input":"required name=search_term_string"}],"inLanguage":"de"},{"@type":"ImageObject","@id":"https:\/\/www.best-bottles.de\/?product=havana-club-anejo-7-anos-gift#primaryimage","inLanguage":"de","url":"","contentUrl":""},{"@type":"WebPage","@id":"https:\/\/www.best-bottles.de\/?product=havana-club-anejo-7-anos-gift#webpage","url":"https:\/\/www.best-bottles.de\/?product=havana-club-anejo-7-anos-gift","name":"Havana Club A\u00f1ejo 7 A\u00f1os Gift","isPartOf":{"@id":"https:\/\/www.best-bottles.de\/#website"},"primaryImageOfPage":{"@id":"https:\/\/www.best-bottles.de\/?product=havana-club-anejo-7-anos-gift#primaryimage"},"datePublished":"2016-03-13T13:50:18+00:00","dateModified":"2025-05-22T05:31:42+00:00","description":"Havana Club A\u00f1ejo 7 A\u00f1os gift, het ideale geschenk voor wijnliefhebbers met Flavor (IJsland Fruit) en een glas","breadcrumb":{"@id":"https:\/\/www.best-bottles.de\/?product=havana-club-anejo-7-anos-gift#breadcrumb"},"inLanguage":"de","potentialAction":[{"@type":"ReadAction","target":["https:\/\/www.best-bottles.de\/?product=havana-club-anejo-7-anos-gift"]}]},{"@type":"BreadcrumbList","@id":"https:\/\/www.best-bottles.de\/?product=havana-club-anejo-7-anos-gift#breadcrumb","itemListElement":[{"@type":"ListItem","position":1,"name":"Home","item":"https:\/\/www.best-bottles.de\/"},{"@type":"ListItem","position":2,"name":"Shop","item":"https:\/\/www.best-bottles.de\/?page_id=4"},{"@type":"ListItem","position":3,"name":"Havana Club A\u00f1ejo 7 A\u00f1os Gift"}]}]}},"_links":{"self":[{"href":"https:\/\/www.best-bottles.de\/index.php?rest_route=\/wp\/v2\/product\/1107"}],"collection":[{"href":"https:\/\/www.best-bottles.de\/index.php?rest_route=\/wp\/v2\/product"}],"about":[{"href":"https:\/\/www.best-bottles.de\/index.php?rest_route=\/wp\/v2\/types\/product"}],"replies":[{"embeddable":true,"href":"https:\/\/www.best-bottles.de\/index.php?rest_route=%2Fwp%2Fv2%2Fcomments&post=1107"}],"wp:featuredmedia":[{"embeddable":true,"href":"https:\/\/www.best-bottles.de\/index.php?rest_route=\/wp\/v2\/media\/1092"}],"wp:attachment":[{"href":"https:\/\/www.best-bottles.de\/index.php?rest_route=%2Fwp%2Fv2%2Fmedia&parent=1107"}],"wp:term":[{"taxonomy":"product_cat","embeddable":true,"href":"https:\/\/www.best-bottles.de\/index.php?rest_route=%2Fwp%2Fv2%2Fproduct_cat&post=1107"},{"taxonomy":"product_tag","embeddable":true,"href":"https:\/\/www.best-bottles.de\/index.php?rest_route=%2Fwp%2Fv2%2Fproduct_tag&post=1107"}],"curies":[{"name":"wp","href":"https:\/\/api.w.org\/{rel}","templated":true}]}}