{"id":1075,"date":"2016-06-01T19:15:56","date_gmt":"2016-06-01T17:15:56","guid":{"rendered":"https:\/\/www.best-bottles.de\/?post_type=product&#038;p=1075"},"modified":"2025-03-03T14:05:53","modified_gmt":"2025-03-03T13:05:53","slug":"absolut-wodka-blue-label-07l-flasche","status":"publish","type":"product","link":"https:\/\/www.best-bottles.de\/?product=absolut-wodka-blue-label-07l-flasche","title":{"rendered":"Absolut Wodka Blue Label 0,7l Flasche"},"content":{"rendered":"<h2>Absolut Wodka Blue Label 0,7 l<\/h2>\n<figure id=\"attachment_1076\" aria-describedby=\"caption-attachment-1076\" style=\"width: 300px\" class=\"wp-caption alignleft\"><a href=\"https:\/\/www.best-bottles.de\/wp-content\/uploads\/2016\/06\/absolut-wodka-07l-front.jpg\"><img loading=\"lazy\" class=\"wp-image-1076 size-medium\" title=\"Absolut Wodka 0,7l\" src=\"https:\/\/www.best-bottles.de\/wp-content\/uploads\/2016\/06\/absolut-wodka-07l-front-300x300.jpg\" alt=\"absolut wodka 0,7l flasche\" width=\"300\" height=\"300\" srcset=\"https:\/\/www.best-bottles.de\/wp-content\/uploads\/2016\/06\/absolut-wodka-07l-front-300x300.jpg 300w, https:\/\/www.best-bottles.de\/wp-content\/uploads\/2016\/06\/absolut-wodka-07l-front-450x450.jpg 450w, https:\/\/www.best-bottles.de\/wp-content\/uploads\/2016\/06\/absolut-wodka-07l-front-100x100.jpg 100w, https:\/\/www.best-bottles.de\/wp-content\/uploads\/2016\/06\/absolut-wodka-07l-front-80x80.jpg 80w, https:\/\/www.best-bottles.de\/wp-content\/uploads\/2016\/06\/absolut-wodka-07l-front-768x768.jpg 768w, https:\/\/www.best-bottles.de\/wp-content\/uploads\/2016\/06\/absolut-wodka-07l-front-1030x1030.jpg 1030w, https:\/\/www.best-bottles.de\/wp-content\/uploads\/2016\/06\/absolut-wodka-07l-front-65x65.jpg 65w, https:\/\/www.best-bottles.de\/wp-content\/uploads\/2016\/06\/absolut-wodka-07l-front-36x36.jpg 36w, https:\/\/www.best-bottles.de\/wp-content\/uploads\/2016\/06\/absolut-wodka-07l-front-180x180.jpg 180w, https:\/\/www.best-bottles.de\/wp-content\/uploads\/2016\/06\/absolut-wodka-07l-front-705x705.jpg 705w, https:\/\/www.best-bottles.de\/wp-content\/uploads\/2016\/06\/absolut-wodka-07l-front.jpg 1350w\" sizes=\"(max-width: 300px) 100vw, 300px\" \/><\/a><figcaption id=\"caption-attachment-1076\" class=\"wp-caption-text\">Absolut Wodka 0,7l<\/figcaption><\/figure>\n<p>1879 erfand der schwedische Unternehmer Lars Olssonn Smith die fraktionierte Destillation\/Rektifikation f\u00fcr Alkohol. Diese effeziente L\u00f6sung den Alkohol von unerw\u00fcnschten Nebenstoffen zu trennen sorgte f\u00fcr eine erhohte Qualit\u00e4t gegen\u00fcber Brennblasen. Er nannte sein Getr\u00e4nk &#8222;Absolut Renat Br\u00e4nnvin&#8220; (absolut reiner Brantwein). Die Marke absolut war geboren. Anfang des 20. Jahrhundert wurde die Alkoholproduktion in Schweden von der Regierung \u00fcbernommen. 2008 wurde das Unternehmen von der schwedischen Regierung an Pernod Ricard verkauft.<\/p>\n<p>&nbsp;<\/p>\n<p>&nbsp;<\/p>\n<p>&nbsp;<\/p>\n<p>Alkoholgehalt: 40%<\/p>\n<p>Bis heute ist die Flaschenform der Marke Absolut bekannt. Sie soll an eine Apothekenflasche erinnern.<\/p>\n<p>Wir bei best-bottles.de sind ja eher die Whiskey und RUM Spezialisten. Wir haben den Absolut Wodka Blue Label mit ins Programm genommen, weil er ein wirklich harmonischer Wodka ist, der sich ideal zum Mixen eignet.<\/p>\n<p><strong>Absolut Wodka Blue Label\u00a0 <\/strong>eignet sich hervorragen f\u00fcr folgende Getr\u00e4nke bzw. Cocktails:<\/p>\n<ul>\n<li><a title=\"Zum White Russian Rezept\" href=\"https:\/\/www.best-bottles.de\/rezepte\/white-russian-rezept\/\">White Russian<\/a><\/li>\n<li><a title=\"Zum Black Russian Rezept\" href=\"https:\/\/www.best-bottles.de\/rezepte\/black-russian-rezept\/\">Black Russian<\/a><\/li>\n<\/ul>\n<p><strong>Hersteller:<\/strong> The Absolut Company AB 117 97 Stockholm, Schweden, <a href=\"http:\/\/www.absolut.com\" target=\"_blank\">http:\/\/www.absolut.com<\/a><br \/>\n<strong>Vertrieb Deutschland:<\/strong> Pernod Ricard Deutschland GmbH, Habsburgring 2, 50674 K\u00f6ln<br \/>\n<strong>Vertreib \u00d6sterreich:<\/strong>\u00a0Pernod Ricard Austria GmbH, 1210 Vienna<\/p>\n<p>[adult_message]<\/p>\n","protected":false},"excerpt":{"rendered":"<p>Absolut Wodka Blue Label 0,7 l 1879 erfand der schwedische Unternehmer Lars Olssonn Smith die fraktionierte Destillation\/Rektifikation f\u00fcr Alkohol. Diese [&hellip;]<\/p>\n","protected":false},"featured_media":1079,"comment_status":"open","ping_status":"closed","template":"","meta":{"site-sidebar-layout":"default","site-content-layout":"","ast-site-content-layout":"default","site-content-style":"default","site-sidebar-style":"default","ast-global-header-display":"","ast-banner-title-visibility":"","ast-main-header-display":"","ast-hfb-above-header-display":"","ast-hfb-below-header-display":"","ast-hfb-mobile-header-display":"","site-post-title":"","ast-breadcrumbs-content":"","ast-featured-img":"","footer-sml-layout":"","theme-transparent-header-meta":"","adv-header-id-meta":"","stick-header-meta":"","header-above-stick-meta":"","header-main-stick-meta":"","header-below-stick-meta":"","astra-migrate-meta-layouts":"default","ast-page-background-enabled":"default","ast-page-background-meta":{"desktop":{"background-color":"var(--ast-global-color-5)","background-image":"","background-repeat":"repeat","background-position":"center center","background-size":"auto","background-attachment":"scroll","background-type":"","background-media":"","overlay-type":"","overlay-color":"","overlay-opacity":"","overlay-gradient":""},"tablet":{"background-color":"","background-image":"","background-repeat":"repeat","background-position":"center center","background-size":"auto","background-attachment":"scroll","background-type":"","background-media":"","overlay-type":"","overlay-color":"","overlay-opacity":"","overlay-gradient":""},"mobile":{"background-color":"","background-image":"","background-repeat":"repeat","background-position":"center center","background-size":"auto","background-attachment":"scroll","background-type":"","background-media":"","overlay-type":"","overlay-color":"","overlay-opacity":"","overlay-gradient":""}},"ast-content-background-meta":{"desktop":{"background-color":"var(--ast-global-color-4)","background-image":"","background-repeat":"repeat","background-position":"center center","background-size":"auto","background-attachment":"scroll","background-type":"","background-media":"","overlay-type":"","overlay-color":"","overlay-opacity":"","overlay-gradient":""},"tablet":{"background-color":"var(--ast-global-color-4)","background-image":"","background-repeat":"repeat","background-position":"center center","background-size":"auto","background-attachment":"scroll","background-type":"","background-media":"","overlay-type":"","overlay-color":"","overlay-opacity":"","overlay-gradient":""},"mobile":{"background-color":"var(--ast-global-color-4)","background-image":"","background-repeat":"repeat","background-position":"center center","background-size":"auto","background-attachment":"scroll","background-type":"","background-media":"","overlay-type":"","overlay-color":"","overlay-opacity":"","overlay-gradient":""}}},"product_cat":[32],"product_tag":[179,178,177],"yoast_head":"<!-- This site is optimized with the Yoast SEO plugin v18.6 - https:\/\/yoast.com\/wordpress\/plugins\/seo\/ -->\n<title>Absolut Wodka Blue Label 0,7l - Spirituosen bei best-bottles.de<\/title>\n<meta name=\"description\" content=\"Absolut Wodka. Der beste Wodka aus Schweden direkt zu Ihnen nach Hause. 40Vol.% Alkohol und purer Geschmack. Das ideale Party-Mixgetr\u00e4nk.\" \/>\n<meta name=\"robots\" content=\"index, follow, max-snippet:-1, max-image-preview:large, max-video-preview:-1\" \/>\n<link rel=\"canonical\" href=\"https:\/\/www.best-bottles.de\/?product=absolut-wodka-blue-label-07l-flasche\" \/>\n<meta property=\"og:locale\" content=\"de_DE\" \/>\n<meta property=\"og:type\" content=\"article\" \/>\n<meta property=\"og:title\" content=\"Absolut Wodka Blue Label 0,7l - Spirituosen bei best-bottles.de\" \/>\n<meta property=\"og:description\" content=\"Absolut Wodka. Der beste Wodka aus Schweden direkt zu Ihnen nach Hause. 40Vol.% Alkohol und purer Geschmack. Das ideale Party-Mixgetr\u00e4nk.\" \/>\n<meta property=\"og:url\" content=\"https:\/\/www.best-bottles.de\/?product=absolut-wodka-blue-label-07l-flasche\" \/>\n<meta property=\"og:site_name\" content=\"Best Bottles - Ihr Partner f\u00fcr RUM &amp; Co\" \/>\n<meta property=\"article:modified_time\" content=\"2025-03-03T13:05:53+00:00\" \/>\n<meta property=\"og:image\" content=\"https:\/\/www.best-bottles.de\/wp-content\/uploads\/2016\/06\/absolut-wodka-07l-label.jpg\" \/>\n<meta name=\"twitter:card\" content=\"summary\" \/>\n<meta name=\"twitter:title\" content=\"Absolut Wodka Blue Label 0,7l - Spirituosen bei best-bottles.de\" \/>\n<meta name=\"twitter:description\" content=\"Absolut Wodka. Der beste Wodka aus Schweden direkt zu Ihnen nach Hause. 40Vol.% Alkohol und purer Geschmack. Das ideale Party-Mixgetr\u00e4nk.\" \/>\n<meta name=\"twitter:image\" content=\"https:\/\/www.best-bottles.de\/wp-content\/uploads\/2016\/06\/absolut-wodka-07l-label.jpg\" \/>\n<meta name=\"twitter:label1\" content=\"Gesch\u00e4tzte Lesezeit\" \/>\n\t<meta name=\"twitter:data1\" content=\"1\u00a0Minute\" \/>\n<script type=\"application\/ld+json\" class=\"yoast-schema-graph\">{\"@context\":\"https:\/\/schema.org\",\"@graph\":[{\"@type\":\"Organization\",\"@id\":\"https:\/\/www.best-bottles.de\/#organization\",\"name\":\"best-bottles.de\",\"url\":\"https:\/\/www.best-bottles.de\/\",\"sameAs\":[],\"logo\":{\"@type\":\"ImageObject\",\"@id\":\"https:\/\/www.best-bottles.de\/#logo\",\"inLanguage\":\"de\",\"url\":\"https:\/\/www.best-bottles.de\/wp-content\/uploads\/2016\/01\/logo.jpg\",\"contentUrl\":\"https:\/\/www.best-bottles.de\/wp-content\/uploads\/2016\/01\/logo.jpg\",\"width\":646,\"height\":646,\"caption\":\"best-bottles.de\"},\"image\":{\"@id\":\"https:\/\/www.best-bottles.de\/#logo\"}},{\"@type\":\"WebSite\",\"@id\":\"https:\/\/www.best-bottles.de\/#website\",\"url\":\"https:\/\/www.best-bottles.de\/\",\"name\":\"Best Bottles - Ihr Partner f\u00fcr RUM &amp; Co\",\"description\":\"Eine weitere WordPress-Seite\",\"publisher\":{\"@id\":\"https:\/\/www.best-bottles.de\/#organization\"},\"potentialAction\":[{\"@type\":\"SearchAction\",\"target\":{\"@type\":\"EntryPoint\",\"urlTemplate\":\"https:\/\/www.best-bottles.de\/?s={search_term_string}\"},\"query-input\":\"required name=search_term_string\"}],\"inLanguage\":\"de\"},{\"@type\":\"ImageObject\",\"@id\":\"https:\/\/www.best-bottles.de\/?product=absolut-wodka-blue-label-07l-flasche#primaryimage\",\"inLanguage\":\"de\",\"url\":\"\",\"contentUrl\":\"\"},{\"@type\":\"WebPage\",\"@id\":\"https:\/\/www.best-bottles.de\/?product=absolut-wodka-blue-label-07l-flasche#webpage\",\"url\":\"https:\/\/www.best-bottles.de\/?product=absolut-wodka-blue-label-07l-flasche\",\"name\":\"Absolut Wodka Blue Label 0,7l - Spirituosen bei best-bottles.de\",\"isPartOf\":{\"@id\":\"https:\/\/www.best-bottles.de\/#website\"},\"primaryImageOfPage\":{\"@id\":\"https:\/\/www.best-bottles.de\/?product=absolut-wodka-blue-label-07l-flasche#primaryimage\"},\"datePublished\":\"2016-06-01T17:15:56+00:00\",\"dateModified\":\"2025-03-03T13:05:53+00:00\",\"description\":\"Absolut Wodka. Der beste Wodka aus Schweden direkt zu Ihnen nach Hause. 40Vol.% Alkohol und purer Geschmack. Das ideale Party-Mixgetr\u00e4nk.\",\"breadcrumb\":{\"@id\":\"https:\/\/www.best-bottles.de\/?product=absolut-wodka-blue-label-07l-flasche#breadcrumb\"},\"inLanguage\":\"de\",\"potentialAction\":[{\"@type\":\"ReadAction\",\"target\":[\"https:\/\/www.best-bottles.de\/?product=absolut-wodka-blue-label-07l-flasche\"]}]},{\"@type\":\"BreadcrumbList\",\"@id\":\"https:\/\/www.best-bottles.de\/?product=absolut-wodka-blue-label-07l-flasche#breadcrumb\",\"itemListElement\":[{\"@type\":\"ListItem\",\"position\":1,\"name\":\"Home\",\"item\":\"https:\/\/www.best-bottles.de\/\"},{\"@type\":\"ListItem\",\"position\":2,\"name\":\"Shop\",\"item\":\"https:\/\/www.best-bottles.de\/?page_id=4\"},{\"@type\":\"ListItem\",\"position\":3,\"name\":\"Absolut Wodka Blue Label 0,7l Flasche\"}]}]}<\/script>\n<!-- \/ Yoast SEO plugin. -->","yoast_head_json":{"title":"Absolut Wodka Blue Label 0,7l - Spirituosen bei best-bottles.de","description":"Absolut Wodka. Der beste Wodka aus Schweden direkt zu Ihnen nach Hause. 40Vol.% Alkohol und purer Geschmack. Das ideale Party-Mixgetr\u00e4nk.","robots":{"index":"index","follow":"follow","max-snippet":"max-snippet:-1","max-image-preview":"max-image-preview:large","max-video-preview":"max-video-preview:-1"},"canonical":"https:\/\/www.best-bottles.de\/?product=absolut-wodka-blue-label-07l-flasche","og_locale":"de_DE","og_type":"article","og_title":"Absolut Wodka Blue Label 0,7l - Spirituosen bei best-bottles.de","og_description":"Absolut Wodka. Der beste Wodka aus Schweden direkt zu Ihnen nach Hause. 40Vol.% Alkohol und purer Geschmack. Das ideale Party-Mixgetr\u00e4nk.","og_url":"https:\/\/www.best-bottles.de\/?product=absolut-wodka-blue-label-07l-flasche","og_site_name":"Best Bottles - Ihr Partner f\u00fcr RUM &amp; Co","article_modified_time":"2025-03-03T13:05:53+00:00","og_image":[{"url":"https:\/\/www.best-bottles.de\/wp-content\/uploads\/2016\/06\/absolut-wodka-07l-label.jpg"}],"twitter_card":"summary","twitter_title":"Absolut Wodka Blue Label 0,7l - Spirituosen bei best-bottles.de","twitter_description":"Absolut Wodka. Der beste Wodka aus Schweden direkt zu Ihnen nach Hause. 40Vol.% Alkohol und purer Geschmack. Das ideale Party-Mixgetr\u00e4nk.","twitter_image":"https:\/\/www.best-bottles.de\/wp-content\/uploads\/2016\/06\/absolut-wodka-07l-label.jpg","twitter_misc":{"Gesch\u00e4tzte Lesezeit":"1\u00a0Minute"},"schema":{"@context":"https:\/\/schema.org","@graph":[{"@type":"Organization","@id":"https:\/\/www.best-bottles.de\/#organization","name":"best-bottles.de","url":"https:\/\/www.best-bottles.de\/","sameAs":[],"logo":{"@type":"ImageObject","@id":"https:\/\/www.best-bottles.de\/#logo","inLanguage":"de","url":"https:\/\/www.best-bottles.de\/wp-content\/uploads\/2016\/01\/logo.jpg","contentUrl":"https:\/\/www.best-bottles.de\/wp-content\/uploads\/2016\/01\/logo.jpg","width":646,"height":646,"caption":"best-bottles.de"},"image":{"@id":"https:\/\/www.best-bottles.de\/#logo"}},{"@type":"WebSite","@id":"https:\/\/www.best-bottles.de\/#website","url":"https:\/\/www.best-bottles.de\/","name":"Best Bottles - Ihr Partner f\u00fcr RUM &amp; Co","description":"Eine weitere WordPress-Seite","publisher":{"@id":"https:\/\/www.best-bottles.de\/#organization"},"potentialAction":[{"@type":"SearchAction","target":{"@type":"EntryPoint","urlTemplate":"https:\/\/www.best-bottles.de\/?s={search_term_string}"},"query-input":"required name=search_term_string"}],"inLanguage":"de"},{"@type":"ImageObject","@id":"https:\/\/www.best-bottles.de\/?product=absolut-wodka-blue-label-07l-flasche#primaryimage","inLanguage":"de","url":"","contentUrl":""},{"@type":"WebPage","@id":"https:\/\/www.best-bottles.de\/?product=absolut-wodka-blue-label-07l-flasche#webpage","url":"https:\/\/www.best-bottles.de\/?product=absolut-wodka-blue-label-07l-flasche","name":"Absolut Wodka Blue Label 0,7l - Spirituosen bei best-bottles.de","isPartOf":{"@id":"https:\/\/www.best-bottles.de\/#website"},"primaryImageOfPage":{"@id":"https:\/\/www.best-bottles.de\/?product=absolut-wodka-blue-label-07l-flasche#primaryimage"},"datePublished":"2016-06-01T17:15:56+00:00","dateModified":"2025-03-03T13:05:53+00:00","description":"Absolut Wodka. Der beste Wodka aus Schweden direkt zu Ihnen nach Hause. 40Vol.% Alkohol und purer Geschmack. Das ideale Party-Mixgetr\u00e4nk.","breadcrumb":{"@id":"https:\/\/www.best-bottles.de\/?product=absolut-wodka-blue-label-07l-flasche#breadcrumb"},"inLanguage":"de","potentialAction":[{"@type":"ReadAction","target":["https:\/\/www.best-bottles.de\/?product=absolut-wodka-blue-label-07l-flasche"]}]},{"@type":"BreadcrumbList","@id":"https:\/\/www.best-bottles.de\/?product=absolut-wodka-blue-label-07l-flasche#breadcrumb","itemListElement":[{"@type":"ListItem","position":1,"name":"Home","item":"https:\/\/www.best-bottles.de\/"},{"@type":"ListItem","position":2,"name":"Shop","item":"https:\/\/www.best-bottles.de\/?page_id=4"},{"@type":"ListItem","position":3,"name":"Absolut Wodka Blue Label 0,7l Flasche"}]}]}},"_links":{"self":[{"href":"https:\/\/www.best-bottles.de\/index.php?rest_route=\/wp\/v2\/product\/1075"}],"collection":[{"href":"https:\/\/www.best-bottles.de\/index.php?rest_route=\/wp\/v2\/product"}],"about":[{"href":"https:\/\/www.best-bottles.de\/index.php?rest_route=\/wp\/v2\/types\/product"}],"replies":[{"embeddable":true,"href":"https:\/\/www.best-bottles.de\/index.php?rest_route=%2Fwp%2Fv2%2Fcomments&post=1075"}],"wp:featuredmedia":[{"embeddable":true,"href":"https:\/\/www.best-bottles.de\/index.php?rest_route=\/wp\/v2\/media\/1079"}],"wp:attachment":[{"href":"https:\/\/www.best-bottles.de\/index.php?rest_route=%2Fwp%2Fv2%2Fmedia&parent=1075"}],"wp:term":[{"taxonomy":"product_cat","embeddable":true,"href":"https:\/\/www.best-bottles.de\/index.php?rest_route=%2Fwp%2Fv2%2Fproduct_cat&post=1075"},{"taxonomy":"product_tag","embeddable":true,"href":"https:\/\/www.best-bottles.de\/index.php?rest_route=%2Fwp%2Fv2%2Fproduct_tag&post=1075"}],"curies":[{"name":"wp","href":"https:\/\/api.w.org\/{rel}","templated":true}]}}