{"id":666,"date":"2016-03-27T15:29:59","date_gmt":"2016-03-27T13:29:59","guid":{"rendered":"https:\/\/www.best-bottles.de\/?page_id=666"},"modified":"2016-03-27T16:01:25","modified_gmt":"2016-03-27T14:01:25","slug":"cubata","status":"publish","type":"page","link":"https:\/\/www.best-bottles.de\/?page_id=666","title":{"rendered":"Cubata"},"content":{"rendered":"<p>[av_slideshow_full size=&#8217;featured&#8216; stretch=&#8220; animation=&#8217;fade&#8216; autoplay=&#8217;false&#8216; interval=&#8217;5&#8242; control_layout=&#8217;av-control-default&#8216; src=&#8220; attachment=&#8220; attachment_size=&#8220; position=&#8217;top left&#8216; repeat=&#8217;no-repeat&#8216; attach=&#8217;scroll&#8216;]<br \/>\n[av_slide_full slide_type=&#8217;image&#8216; id=&#8217;89&#8216; video=&#8217;http:\/\/&#8216; mobile_image=&#8220; video_format=&#8220; video_ratio=&#8217;16:9&#8242; title=&#8217;Cubata&#8216; custom_title_size=&#8220; custom_content_size=&#8220; caption_pos=&#8217;caption_bottom&#8216; link_apply=&#8220; link=&#8217;lightbox&#8216; link_target=&#8220; button_label=&#8217;Click me&#8216; button_color=&#8217;light&#8216; link1=&#8217;manually,http:\/\/&#8216; link_target1=&#8220; button_label2=&#8217;Click me&#8216; button_color2=&#8217;light&#8216; link2=&#8217;manually,http:\/\/&#8216; link_target2=&#8220; font_color=&#8220; custom_title=&#8220; custom_content=&#8220; overlay_opacity=&#8217;0.5&#8242; overlay_color=&#8220; overlay_pattern=&#8220; overlay_custom_pattern=&#8220;]<br \/>\nDer gro\u00dfe Bruder des Cuba Libre<br \/>\n[\/av_slide_full]<br \/>\n[\/av_slideshow_full]<\/p>\n<p>[av_textblock size=&#8220; font_color=&#8220; color=&#8220;]<\/p>\n<h2>Geschichte des Cubata<\/h2>\n<p>Wann derr Cubata das erste mal in der Geschichte auftaucht ist nicht gewiss. Er wird immer als der &#8222;gro\u00dfe Bruder&#8220; des Cuba Libre genannt, das gilt aber nur f\u00fcr den verwendeten RUM. Im Cubata wird eben braunem RUM (allgemein also &#8222;hochwertigerer&#8220; RUM) verwendet. Aber auch hier sei direkt angemerkt, dass es nat\u00fcrlich Qualit\u00e4tsunterschiede zwischen &#8222;wei\u00dfem RUM&#8220; und &#8222;braunem RUM&#8220; gibt. Das bedeutet aber nicht, dass der eine &#8222;minderwertig&#8220; und der andere &#8222;hochwertiger&#8220; ist. Es ist eben ein anderer RUM. Wir sind aber in den einzelnen Artikeln darauf eingegangen.<\/p>\n<figure id=\"attachment_667\" aria-describedby=\"caption-attachment-667\" style=\"width: 219px\" class=\"wp-caption alignleft\"><a href=\"https:\/\/cdn.best-bottles.de\/wp-content\/uploads\/2016\/03\/cubata-im-tumbler.jpg\"><img loading=\"lazy\" class=\"wp-image-667 size-medium\" title=\"cubata im tumbler\" src=\"https:\/\/cdn.best-bottles.de\/wp-content\/uploads\/2016\/03\/cubata-im-tumbler-219x300.jpg\" alt=\"cubata im tumbler\" width=\"219\" height=\"300\" srcset=\"https:\/\/www.best-bottles.de\/wp-content\/uploads\/2016\/03\/cubata-im-tumbler-219x300.jpg 219w, https:\/\/www.best-bottles.de\/wp-content\/uploads\/2016\/03\/cubata-im-tumbler-scaled-450x616.jpg 450w, https:\/\/www.best-bottles.de\/wp-content\/uploads\/2016\/03\/cubata-im-tumbler-768x1051.jpg 768w, https:\/\/www.best-bottles.de\/wp-content\/uploads\/2016\/03\/cubata-im-tumbler-753x1030.jpg 753w, https:\/\/www.best-bottles.de\/wp-content\/uploads\/2016\/03\/cubata-im-tumbler-1097x1500.jpg 1097w, https:\/\/www.best-bottles.de\/wp-content\/uploads\/2016\/03\/cubata-im-tumbler-515x705.jpg 515w, https:\/\/www.best-bottles.de\/wp-content\/uploads\/2016\/03\/cubata-im-tumbler-scaled.jpg 1871w\" sizes=\"(max-width: 219px) 100vw, 219px\" \/><\/a><figcaption id=\"caption-attachment-667\" class=\"wp-caption-text\">Cubata Cocktail im Tumbler<\/figcaption><\/figure>\n<h2>Der Coktail: Cubata<\/h2>\n<p>Der &#8222;Cubata&#8220; ist wie sein &#8222;kleiner Bruder&#8220; ein puristischer Cocktail. Eigentlich genauer ein Long-Drink aber wir haben uns darauf geeinigt immer von &#8222;Cocktails&#8220; zu sprechen. Ein guter brauner RUM, frische Limetten und eine Handvoll Eis. Durch die lange Reifung des braunen RUMs wird der Geschmack des Cocktails ganz anders, als der Cuba Libre. Der Eigengeschmack des RUMs tritt deutlicher hervor. Dadurch verliert er das &#8222;spritzige&#8220;, &#8222;frische&#8220; des Cuba Libre und gewinnt den &#8222;runden&#8220; Geschmack des Cubata.<br \/>\n[\/av_textblock]<\/p>\n<p>[av_textblock size=&#8220; font_color=&#8220; color=&#8220;]<\/p>\n<h2>Das perfekte Cubata Rezept<\/h2>\n<p>Wann ist ein Rezept perfekt? Das wird sicherlich keiner sagen k\u00f6nnen, denn ein Cocktail hat ja viel mit Geschmack und Geschm\u00e4cker zu tun und die sind bekanntlich verschieden.<br \/>\nIch pers\u00f6nlich finde den Cuba Libre viel besser und trinke den braunen RUM lieber pur oder auf Eis.<\/p>\n<p>Nun gut, hier geht es zum <a title=\"Zum Cubata Rezept\" href=\"https:\/\/www.best-bottles.de\/rezepte\/cubata-rezept\/\">Cubata Rezept<\/a>!<br \/>\n[\/av_textblock]<\/p>\n","protected":false},"excerpt":{"rendered":"<p>[av_slideshow_full size=&#8217;featured&#8216; stretch=&#8220; animation=&#8217;fade&#8216; autoplay=&#8217;false&#8216; interval=&#8217;5&#8242; control_layout=&#8217;av-control-default&#8216; src=&#8220; attachment=&#8220; attachment_size=&#8220; position=&#8217;top left&#8216; repeat=&#8217;no-repeat&#8216; attach=&#8217;scroll&#8216;] [av_slide_full slide_type=&#8217;image&#8216; id=&#8217;89&#8216; video=&#8217;http:\/\/&#8216; mobile_image=&#8220; video_format=&#8220; [&hellip;]<\/p>\n","protected":false},"author":1,"featured_media":0,"parent":638,"menu_order":0,"comment_status":"closed","ping_status":"closed","template":"","meta":{"site-sidebar-layout":"default","site-content-layout":"","ast-site-content-layout":"default","site-content-style":"default","site-sidebar-style":"default","ast-global-header-display":"","ast-banner-title-visibility":"","ast-main-header-display":"","ast-hfb-above-header-display":"","ast-hfb-below-header-display":"","ast-hfb-mobile-header-display":"","site-post-title":"","ast-breadcrumbs-content":"","ast-featured-img":"","footer-sml-layout":"","theme-transparent-header-meta":"","adv-header-id-meta":"","stick-header-meta":"","header-above-stick-meta":"","header-main-stick-meta":"","header-below-stick-meta":"","astra-migrate-meta-layouts":"default","ast-page-background-enabled":"default","ast-page-background-meta":{"desktop":{"background-color":"var(--ast-global-color-5)","background-image":"","background-repeat":"repeat","background-position":"center center","background-size":"auto","background-attachment":"scroll","background-type":"","background-media":"","overlay-type":"","overlay-color":"","overlay-opacity":"","overlay-gradient":""},"tablet":{"background-color":"","background-image":"","background-repeat":"repeat","background-position":"center center","background-size":"auto","background-attachment":"scroll","background-type":"","background-media":"","overlay-type":"","overlay-color":"","overlay-opacity":"","overlay-gradient":""},"mobile":{"background-color":"","background-image":"","background-repeat":"repeat","background-position":"center center","background-size":"auto","background-attachment":"scroll","background-type":"","background-media":"","overlay-type":"","overlay-color":"","overlay-opacity":"","overlay-gradient":""}},"ast-content-background-meta":{"desktop":{"background-color":"var(--ast-global-color-4)","background-image":"","background-repeat":"repeat","background-position":"center center","background-size":"auto","background-attachment":"scroll","background-type":"","background-media":"","overlay-type":"","overlay-color":"","overlay-opacity":"","overlay-gradient":""},"tablet":{"background-color":"var(--ast-global-color-4)","background-image":"","background-repeat":"repeat","background-position":"center center","background-size":"auto","background-attachment":"scroll","background-type":"","background-media":"","overlay-type":"","overlay-color":"","overlay-opacity":"","overlay-gradient":""},"mobile":{"background-color":"var(--ast-global-color-4)","background-image":"","background-repeat":"repeat","background-position":"center center","background-size":"auto","background-attachment":"scroll","background-type":"","background-media":"","overlay-type":"","overlay-color":"","overlay-opacity":"","overlay-gradient":""}}},"tags":[117,23],"yoast_head":"<!-- This site is optimized with the Yoast SEO plugin v18.6 - https:\/\/yoast.com\/wordpress\/plugins\/seo\/ -->\n<title>Cubata - Der gro\u00dfe Bruder des Cuba Libre<\/title>\n<meta name=\"description\" content=\"Cubata - puristische Klasse. Ein guter brauner RUM, frische Limetten und eine Handvoll Eis. Der Klassiker lebt von seinen Zutaten.\" \/>\n<meta name=\"robots\" content=\"index, follow, max-snippet:-1, max-image-preview:large, max-video-preview:-1\" \/>\n<link rel=\"canonical\" href=\"https:\/\/www.best-bottles.de\/?page_id=666\" \/>\n<meta property=\"og:locale\" content=\"de_DE\" \/>\n<meta property=\"og:type\" content=\"article\" \/>\n<meta property=\"og:title\" content=\"Cubata - Der gro\u00dfe Bruder des Cuba Libre\" \/>\n<meta property=\"og:description\" content=\"Cubata - puristische Klasse. Ein guter brauner RUM, frische Limetten und eine Handvoll Eis. Der Klassiker lebt von seinen Zutaten.\" \/>\n<meta property=\"og:url\" content=\"https:\/\/www.best-bottles.de\/?page_id=666\" \/>\n<meta property=\"og:site_name\" content=\"Best Bottles - Ihr Partner f\u00fcr RUM &amp; Co\" \/>\n<meta property=\"article:modified_time\" content=\"2016-03-27T14:01:25+00:00\" \/>\n<meta property=\"og:image\" content=\"https:\/\/cdn.best-bottles.de\/wp-content\/uploads\/2015\/12\/cubata.jpg\" \/>\n<meta name=\"twitter:card\" content=\"summary\" \/>\n<meta name=\"twitter:title\" content=\"Cubata - Der gro\u00dfe Bruder des Cuba Libre\" \/>\n<meta name=\"twitter:description\" content=\"Cubata - puristische Klasse. Ein guter brauner RUM, frische Limetten und eine Handvoll Eis. Der Klassiker lebt von seinen Zutaten.\" \/>\n<meta name=\"twitter:image\" content=\"https:\/\/cdn.best-bottles.de\/wp-content\/uploads\/2015\/12\/cubata.jpg\" \/>\n<meta name=\"twitter:label1\" content=\"Gesch\u00e4tzte Lesezeit\" \/>\n\t<meta name=\"twitter:data1\" content=\"2\u00a0Minuten\" \/>\n<script type=\"application\/ld+json\" class=\"yoast-schema-graph\">{\"@context\":\"https:\/\/schema.org\",\"@graph\":[{\"@type\":\"Organization\",\"@id\":\"https:\/\/www.best-bottles.de\/#organization\",\"name\":\"best-bottles.de\",\"url\":\"https:\/\/www.best-bottles.de\/\",\"sameAs\":[],\"logo\":{\"@type\":\"ImageObject\",\"@id\":\"https:\/\/www.best-bottles.de\/#logo\",\"inLanguage\":\"de\",\"url\":\"https:\/\/www.best-bottles.de\/wp-content\/uploads\/2016\/01\/logo.jpg\",\"contentUrl\":\"https:\/\/www.best-bottles.de\/wp-content\/uploads\/2016\/01\/logo.jpg\",\"width\":646,\"height\":646,\"caption\":\"best-bottles.de\"},\"image\":{\"@id\":\"https:\/\/www.best-bottles.de\/#logo\"}},{\"@type\":\"WebSite\",\"@id\":\"https:\/\/www.best-bottles.de\/#website\",\"url\":\"https:\/\/www.best-bottles.de\/\",\"name\":\"Best Bottles - Ihr Partner f\u00fcr RUM &amp; Co\",\"description\":\"Eine weitere WordPress-Seite\",\"publisher\":{\"@id\":\"https:\/\/www.best-bottles.de\/#organization\"},\"potentialAction\":[{\"@type\":\"SearchAction\",\"target\":{\"@type\":\"EntryPoint\",\"urlTemplate\":\"https:\/\/www.best-bottles.de\/?s={search_term_string}\"},\"query-input\":\"required name=search_term_string\"}],\"inLanguage\":\"de\"},{\"@type\":\"ImageObject\",\"@id\":\"https:\/\/www.best-bottles.de\/?page_id=666#primaryimage\",\"inLanguage\":\"de\",\"url\":\"\",\"contentUrl\":\"\"},{\"@type\":\"WebPage\",\"@id\":\"https:\/\/www.best-bottles.de\/?page_id=666#webpage\",\"url\":\"https:\/\/www.best-bottles.de\/?page_id=666\",\"name\":\"Cubata - Der gro\u00dfe Bruder des Cuba Libre\",\"isPartOf\":{\"@id\":\"https:\/\/www.best-bottles.de\/#website\"},\"primaryImageOfPage\":{\"@id\":\"https:\/\/www.best-bottles.de\/?page_id=666#primaryimage\"},\"datePublished\":\"2016-03-27T13:29:59+00:00\",\"dateModified\":\"2016-03-27T14:01:25+00:00\",\"description\":\"Cubata - puristische Klasse. Ein guter brauner RUM, frische Limetten und eine Handvoll Eis. Der Klassiker lebt von seinen Zutaten.\",\"breadcrumb\":{\"@id\":\"https:\/\/www.best-bottles.de\/?page_id=666#breadcrumb\"},\"inLanguage\":\"de\",\"potentialAction\":[{\"@type\":\"ReadAction\",\"target\":[\"https:\/\/www.best-bottles.de\/?page_id=666\"]}]},{\"@type\":\"BreadcrumbList\",\"@id\":\"https:\/\/www.best-bottles.de\/?page_id=666#breadcrumb\",\"itemListElement\":[{\"@type\":\"ListItem\",\"position\":1,\"name\":\"Home\",\"item\":\"https:\/\/www.best-bottles.de\/\"},{\"@type\":\"ListItem\",\"position\":2,\"name\":\"Cocktails\",\"item\":\"https:\/\/www.best-bottles.de\/?page_id=638\"},{\"@type\":\"ListItem\",\"position\":3,\"name\":\"Cubata\"}]}]}<\/script>\n<!-- \/ Yoast SEO plugin. -->","yoast_head_json":{"title":"Cubata - Der gro\u00dfe Bruder des Cuba Libre","description":"Cubata - puristische Klasse. Ein guter brauner RUM, frische Limetten und eine Handvoll Eis. Der Klassiker lebt von seinen Zutaten.","robots":{"index":"index","follow":"follow","max-snippet":"max-snippet:-1","max-image-preview":"max-image-preview:large","max-video-preview":"max-video-preview:-1"},"canonical":"https:\/\/www.best-bottles.de\/?page_id=666","og_locale":"de_DE","og_type":"article","og_title":"Cubata - Der gro\u00dfe Bruder des Cuba Libre","og_description":"Cubata - puristische Klasse. Ein guter brauner RUM, frische Limetten und eine Handvoll Eis. Der Klassiker lebt von seinen Zutaten.","og_url":"https:\/\/www.best-bottles.de\/?page_id=666","og_site_name":"Best Bottles - Ihr Partner f\u00fcr RUM &amp; Co","article_modified_time":"2016-03-27T14:01:25+00:00","og_image":[{"url":"https:\/\/cdn.best-bottles.de\/wp-content\/uploads\/2015\/12\/cubata.jpg"}],"twitter_card":"summary","twitter_title":"Cubata - Der gro\u00dfe Bruder des Cuba Libre","twitter_description":"Cubata - puristische Klasse. Ein guter brauner RUM, frische Limetten und eine Handvoll Eis. Der Klassiker lebt von seinen Zutaten.","twitter_image":"https:\/\/cdn.best-bottles.de\/wp-content\/uploads\/2015\/12\/cubata.jpg","twitter_misc":{"Gesch\u00e4tzte Lesezeit":"2\u00a0Minuten"},"schema":{"@context":"https:\/\/schema.org","@graph":[{"@type":"Organization","@id":"https:\/\/www.best-bottles.de\/#organization","name":"best-bottles.de","url":"https:\/\/www.best-bottles.de\/","sameAs":[],"logo":{"@type":"ImageObject","@id":"https:\/\/www.best-bottles.de\/#logo","inLanguage":"de","url":"https:\/\/www.best-bottles.de\/wp-content\/uploads\/2016\/01\/logo.jpg","contentUrl":"https:\/\/www.best-bottles.de\/wp-content\/uploads\/2016\/01\/logo.jpg","width":646,"height":646,"caption":"best-bottles.de"},"image":{"@id":"https:\/\/www.best-bottles.de\/#logo"}},{"@type":"WebSite","@id":"https:\/\/www.best-bottles.de\/#website","url":"https:\/\/www.best-bottles.de\/","name":"Best Bottles - Ihr Partner f\u00fcr RUM &amp; Co","description":"Eine weitere WordPress-Seite","publisher":{"@id":"https:\/\/www.best-bottles.de\/#organization"},"potentialAction":[{"@type":"SearchAction","target":{"@type":"EntryPoint","urlTemplate":"https:\/\/www.best-bottles.de\/?s={search_term_string}"},"query-input":"required name=search_term_string"}],"inLanguage":"de"},{"@type":"ImageObject","@id":"https:\/\/www.best-bottles.de\/?page_id=666#primaryimage","inLanguage":"de","url":"","contentUrl":""},{"@type":"WebPage","@id":"https:\/\/www.best-bottles.de\/?page_id=666#webpage","url":"https:\/\/www.best-bottles.de\/?page_id=666","name":"Cubata - Der gro\u00dfe Bruder des Cuba Libre","isPartOf":{"@id":"https:\/\/www.best-bottles.de\/#website"},"primaryImageOfPage":{"@id":"https:\/\/www.best-bottles.de\/?page_id=666#primaryimage"},"datePublished":"2016-03-27T13:29:59+00:00","dateModified":"2016-03-27T14:01:25+00:00","description":"Cubata - puristische Klasse. Ein guter brauner RUM, frische Limetten und eine Handvoll Eis. Der Klassiker lebt von seinen Zutaten.","breadcrumb":{"@id":"https:\/\/www.best-bottles.de\/?page_id=666#breadcrumb"},"inLanguage":"de","potentialAction":[{"@type":"ReadAction","target":["https:\/\/www.best-bottles.de\/?page_id=666"]}]},{"@type":"BreadcrumbList","@id":"https:\/\/www.best-bottles.de\/?page_id=666#breadcrumb","itemListElement":[{"@type":"ListItem","position":1,"name":"Home","item":"https:\/\/www.best-bottles.de\/"},{"@type":"ListItem","position":2,"name":"Cocktails","item":"https:\/\/www.best-bottles.de\/?page_id=638"},{"@type":"ListItem","position":3,"name":"Cubata"}]}]}},"_links":{"self":[{"href":"https:\/\/www.best-bottles.de\/index.php?rest_route=\/wp\/v2\/pages\/666"}],"collection":[{"href":"https:\/\/www.best-bottles.de\/index.php?rest_route=\/wp\/v2\/pages"}],"about":[{"href":"https:\/\/www.best-bottles.de\/index.php?rest_route=\/wp\/v2\/types\/page"}],"author":[{"embeddable":true,"href":"https:\/\/www.best-bottles.de\/index.php?rest_route=\/wp\/v2\/users\/1"}],"replies":[{"embeddable":true,"href":"https:\/\/www.best-bottles.de\/index.php?rest_route=%2Fwp%2Fv2%2Fcomments&post=666"}],"version-history":[{"count":3,"href":"https:\/\/www.best-bottles.de\/index.php?rest_route=\/wp\/v2\/pages\/666\/revisions"}],"predecessor-version":[{"id":674,"href":"https:\/\/www.best-bottles.de\/index.php?rest_route=\/wp\/v2\/pages\/666\/revisions\/674"}],"up":[{"embeddable":true,"href":"https:\/\/www.best-bottles.de\/index.php?rest_route=\/wp\/v2\/pages\/638"}],"wp:attachment":[{"href":"https:\/\/www.best-bottles.de\/index.php?rest_route=%2Fwp%2Fv2%2Fmedia&parent=666"}],"wp:term":[{"taxonomy":"post_tag","embeddable":true,"href":"https:\/\/www.best-bottles.de\/index.php?rest_route=%2Fwp%2Fv2%2Ftags&post=666"}],"curies":[{"name":"wp","href":"https:\/\/api.w.org\/{rel}","templated":true}]}}