{"id":113,"date":"2015-12-27T14:17:19","date_gmt":"2015-12-27T13:17:19","guid":{"rendered":"http:\/\/www.best-bottles.de\/?page_id=113"},"modified":"2016-08-09T10:33:37","modified_gmt":"2016-08-09T08:33:37","slug":"rum-cola-rezept","status":"publish","type":"page","link":"https:\/\/www.best-bottles.de\/?page_id=113","title":{"rendered":"Rum Cola Rezept"},"content":{"rendered":"<p>[av_slideshow_full size=&#8217;featured&#8216; stretch=&#8220; animation=&#8217;slide&#8216; autoplay=&#8217;false&#8216; interval=&#8217;5&#8242; control_layout=&#8217;av-control-default&#8216; src=&#8220; attachment=&#8220; attachment_size=&#8220; position=&#8217;top left&#8216; repeat=&#8217;no-repeat&#8216; attach=&#8217;scroll&#8216;]<br \/>\n[av_slide_full slide_type=&#8217;image&#8216; id=&#8217;120&#8242; video=&#8217;http:\/\/&#8216; mobile_image=&#8220; video_format=&#8220; video_ratio=&#8217;16:9&#8242; title=&#8217;Rum Cola&#8216; custom_title_size=&#8220; custom_content_size=&#8220; caption_pos=&#8217;caption_bottom&#8216; link_apply=&#8220; link=&#8217;lightbox&#8216; link_target=&#8220; button_label=&#8217;Click me&#8216; button_color=&#8217;light&#8216; link1=&#8217;manually,http:\/\/&#8216; link_target1=&#8220; button_label2=&#8217;Click me&#8216; button_color2=&#8217;light&#8216; link2=&#8217;manually,http:\/\/&#8216; link_target2=&#8220; font_color=&#8220; custom_title=&#8220; custom_content=&#8220; overlay_opacity=&#8217;0.5&#8242; overlay_color=&#8220; overlay_pattern=&#8220; overlay_custom_pattern=&#8220;]<br \/>\nDer Klassiker, darf auf keiner Party fehlen.<br \/>\n[\/av_slide_full]<br \/>\n[\/av_slideshow_full]<\/p>\n<p>[av_textblock size=&#8220; font_color=&#8220; color=&#8220;]<\/p>\n<h2>Zutaten zum Rum Cola Rezept<\/h2>\n<p>5cl RUM (z.B. <a href=\"https:\/\/www.best-bottles.de\/produkt\/rum\/havana-club-anejo-especial-07-l-rum\/\">Havana Club A\u00f1ejo Especial<\/a>)<br \/>\nCoca Cola<br \/>\nEisw\u00fcrfel<br \/>\nZitrone oder Limette<br \/>\n[\/av_textblock]<\/p>\n<p>[av_heading tag=&#8217;h2&#8242; padding=&#8217;10&#8216; heading=&#8217;Herstellung von RUM Cola&#8216; color=&#8220; style=&#8220; custom_font=&#8220; size=&#8220; subheading_active=&#8220; subheading_size=&#8217;15&#8216; custom_class=&#8220;][\/av_heading]<\/p>\n<p>[av_textblock size=&#8220; font_color=&#8220; color=&#8220;]<br \/>\nGeben Sie die Eisw\u00fcrfel in ein Longdrink Glas und gie\u00dfen den RUM ein. Anschlie\u00dfend f\u00fcllen Sei das Glas mit Coca Cola auf und verr\u00fchren es kurz mit einem <a href=\"https:\/\/www.best-bottles.de\/produkt-schlagwort\/stirrer\/\">Stirrer<\/a>. Garnieren Sie das Glas mit einer Zitrone. Wenn Sie eine Limette verwenden \u00e4hnelt es schon sehr dem <a href=\"https:\/\/www.best-bottles.de\/rezepte\/cuba-libre\/\">Cuba Libre<\/a>, wobei beim Cuba Libre die Limette noch ausgepresst wird.<br \/>\n[\/av_textblock]<\/p>\n<p>[av_heading tag=&#8217;h2&#8242; padding=&#8217;10&#8216; heading=&#8217;Geeignete RUM Sorten f\u00fcr RUM Cola&#8216; color=&#8220; style=&#8220; custom_font=&#8220; size=&#8220; subheading_active=&#8220; subheading_size=&#8217;15&#8216; custom_class=&#8220;][\/av_heading]<\/p>\n<p>[av_textblock size=&#8220; font_color=&#8220; color=&#8220;]<br \/>\nWir trinken RUM Cola gerne mit dem <a href=\"https:\/\/www.best-bottles.de\/produkt\/rum\/havana-club-anejo-especial-07-l-rum\/\">Havana Club A\u00f1ejo Especial<\/a>, aber auch der <a href=\"https:\/\/www.best-bottles.de\/produkt\/rum\/havana-club-anejo-3-anos-07-l-rum\/\">Havana Club A\u00f1ejo 3 A\u00f1os<\/a> ist gut geeignet. Am Ende entscheidet aber der Geschmack. Auch der <a href=\"https:\/\/www.best-bottles.de\/produkt\/rum\/bacardi-carta-blanca-superior-15-l-party-flasche\/\">BACARDI Carta Blanca<\/a> ist gut geeignet; Dann spricht man umgangsprachlich jedoch nicht von &#8222;Rum Cola&#8220;, sondern von &#8222;<a href=\"https:\/\/www.best-bottles.de\/rezepte\/bacardi-cola-rezept\/\">BACARDICola<\/a>&#8222;.<br \/>\n[\/av_textblock]<\/p>\n<p>[av_heading tag=&#8217;h2&#8242; padding=&#8217;10&#8216; heading=&#8217;Geeignete Gl\u00e4ser f\u00fcr Rum Cola&#8216; color=&#8220; style=&#8220; custom_font=&#8220; size=&#8220; subheading_active=&#8220; subheading_size=&#8217;15&#8216; custom_class=&#8220;][\/av_heading]<\/p>\n<p>[av_textblock size=&#8220; font_color=&#8220; color=&#8220;]<br \/>\nRum Cola wird klassisch aus einem Cocktail-Glas (Caipi-Glas) getrunken.<br \/>\n[\/av_textblock]<\/p>\n<p>[av_comments_list]<\/p>\n<p>[av_codeblock wrapper_element=&#8220; wrapper_element_attributes=&#8220;]<br \/>\n<script type=\"application\/ld+json\">\/\/ <![CDATA[\n{\n  \"@context\": \"http:\/\/schema.org\/\",\n  \"@type\": \"Recipe\",\n  \"name\": \"RUM Cola\",\n  \"author\": \"Chriss\",\n  \"image\": \"https:\/\/www.best-bottles.de\/wp-content\/uploads\/2015\/12\/bacardi-cola.jpg\",\n  \"description\": \"Der Klassiker, darf auf keiner Party fehlen.\",\n  \"aggregateRating\": {\n    \"@type\": \"AggregateRating\",\n    \"ratingValue\": \"0\",\n    \"reviewCount\": \"0\",\n    \"bestRating\": \"0\",\n    \"worstRating\": \"0\"\n  },\n  \"prepTime\": \"PT3M\",\n  \"totalTime\": \"PT3M\",\n  \"nutrition\": {\n    \"@type\": \"NutritionInformation\",\n    \"calories\": \"85 calories\",\n    \"fatContent\": \"0 g\",\n    \"proteinContent\": \"0 g\",\n    \"saturatedFatContent\": \"0 g\",\n    \"sugarContent\": \"10 g\"\n  },\n  \"recipeIngredient\": [\n    \"5cl RUM\",\n    \"Cola\",\n    \"Zitrone oder Limette\",\n    \"eine Hand voll Eis\"\n  ],\n  \"recipeInstructions\": [\n    \"1 Geben Sie die Eisw\u00fcrfel in ein Longdrink Glas und gie\u00dfen den RUM ein.\",\n    \"2 Anschlie\u00dfend f\u00fcllen Sei das Glas mit Coca Cola auf und verr\u00fchren es kurz mit einem Stirrer.\",\n    \"3 Garnieren Sie das Glas mit einer Zitrone.\",\n    \"3 Wenn Sie eine Limette verwenden \u00e4hnelt es schon sehr dem Cuba Libre, wobei beim Cuba Libre die Limette noch ausgepresst wird.\"\n   ]\n}\n\/\/ ]]><\/script><br \/>\n[\/av_codeblock]<\/p>\n","protected":false},"excerpt":{"rendered":"<p>Hier finden Sie das Rezept und die Zutaten zu RUM Cola. Einfach gemachter Longdrink der auf keiner Party fehlen darf.<\/p>\n","protected":false},"author":1,"featured_media":120,"parent":70,"menu_order":0,"comment_status":"open","ping_status":"closed","template":"","meta":{"site-sidebar-layout":"default","site-content-layout":"","ast-site-content-layout":"default","site-content-style":"default","site-sidebar-style":"default","ast-global-header-display":"","ast-banner-title-visibility":"","ast-main-header-display":"","ast-hfb-above-header-display":"","ast-hfb-below-header-display":"","ast-hfb-mobile-header-display":"","site-post-title":"","ast-breadcrumbs-content":"","ast-featured-img":"","footer-sml-layout":"","theme-transparent-header-meta":"","adv-header-id-meta":"","stick-header-meta":"","header-above-stick-meta":"","header-main-stick-meta":"","header-below-stick-meta":"","astra-migrate-meta-layouts":"default","ast-page-background-enabled":"default","ast-page-background-meta":{"desktop":{"background-color":"var(--ast-global-color-5)","background-image":"","background-repeat":"repeat","background-position":"center center","background-size":"auto","background-attachment":"scroll","background-type":"","background-media":"","overlay-type":"","overlay-color":"","overlay-opacity":"","overlay-gradient":""},"tablet":{"background-color":"","background-image":"","background-repeat":"repeat","background-position":"center center","background-size":"auto","background-attachment":"scroll","background-type":"","background-media":"","overlay-type":"","overlay-color":"","overlay-opacity":"","overlay-gradient":""},"mobile":{"background-color":"","background-image":"","background-repeat":"repeat","background-position":"center center","background-size":"auto","background-attachment":"scroll","background-type":"","background-media":"","overlay-type":"","overlay-color":"","overlay-opacity":"","overlay-gradient":""}},"ast-content-background-meta":{"desktop":{"background-color":"var(--ast-global-color-4)","background-image":"","background-repeat":"repeat","background-position":"center center","background-size":"auto","background-attachment":"scroll","background-type":"","background-media":"","overlay-type":"","overlay-color":"","overlay-opacity":"","overlay-gradient":""},"tablet":{"background-color":"var(--ast-global-color-4)","background-image":"","background-repeat":"repeat","background-position":"center center","background-size":"auto","background-attachment":"scroll","background-type":"","background-media":"","overlay-type":"","overlay-color":"","overlay-opacity":"","overlay-gradient":""},"mobile":{"background-color":"var(--ast-global-color-4)","background-image":"","background-repeat":"repeat","background-position":"center center","background-size":"auto","background-attachment":"scroll","background-type":"","background-media":"","overlay-type":"","overlay-color":"","overlay-opacity":"","overlay-gradient":""}}},"tags":[30,118,117,28,27,252,22,20,29],"yoast_head":"<!-- This site is optimized with the Yoast SEO plugin v18.6 - https:\/\/yoast.com\/wordpress\/plugins\/seo\/ -->\n<title>RUM Cola Rezept - Der Klassiker auf jeder Party<\/title>\n<meta name=\"description\" content=\"RUM Cola; Der Urvater aller Cocktailmischungen ob Cuba Libre oder Bacardi Cola. Hier findet Ihr das beste RUM Cola Rezept.\" \/>\n<meta name=\"robots\" content=\"index, follow, max-snippet:-1, max-image-preview:large, max-video-preview:-1\" \/>\n<link rel=\"canonical\" href=\"https:\/\/www.best-bottles.de\/?page_id=113\" \/>\n<meta property=\"og:locale\" content=\"de_DE\" \/>\n<meta property=\"og:type\" content=\"article\" \/>\n<meta property=\"og:title\" content=\"RUM Cola Rezept - Der Klassiker auf jeder Party\" \/>\n<meta property=\"og:description\" content=\"RUM Cola; Der Urvater aller Cocktailmischungen ob Cuba Libre oder Bacardi Cola. Hier findet Ihr das beste RUM Cola Rezept.\" \/>\n<meta property=\"og:url\" content=\"https:\/\/www.best-bottles.de\/?page_id=113\" \/>\n<meta property=\"og:site_name\" content=\"Best Bottles - Ihr Partner f\u00fcr RUM &amp; Co\" \/>\n<meta property=\"article:modified_time\" content=\"2016-08-09T08:33:37+00:00\" \/>\n<meta property=\"og:image\" content=\"https:\/\/www.best-bottles.de\/wp-content\/uploads\/2015\/12\/bacardi-cola.jpg\" \/>\n\t<meta property=\"og:image:width\" content=\"1631\" \/>\n\t<meta property=\"og:image:height\" content=\"1165\" \/>\n\t<meta property=\"og:image:type\" content=\"image\/jpeg\" \/>\n<meta name=\"twitter:card\" content=\"summary\" \/>\n<meta name=\"twitter:label1\" content=\"Gesch\u00e4tzte Lesezeit\" \/>\n\t<meta name=\"twitter:data1\" content=\"2\u00a0Minuten\" \/>\n<script type=\"application\/ld+json\" class=\"yoast-schema-graph\">{\"@context\":\"https:\/\/schema.org\",\"@graph\":[{\"@type\":\"Organization\",\"@id\":\"https:\/\/www.best-bottles.de\/#organization\",\"name\":\"best-bottles.de\",\"url\":\"https:\/\/www.best-bottles.de\/\",\"sameAs\":[],\"logo\":{\"@type\":\"ImageObject\",\"@id\":\"https:\/\/www.best-bottles.de\/#logo\",\"inLanguage\":\"de\",\"url\":\"https:\/\/www.best-bottles.de\/wp-content\/uploads\/2016\/01\/logo.jpg\",\"contentUrl\":\"https:\/\/www.best-bottles.de\/wp-content\/uploads\/2016\/01\/logo.jpg\",\"width\":646,\"height\":646,\"caption\":\"best-bottles.de\"},\"image\":{\"@id\":\"https:\/\/www.best-bottles.de\/#logo\"}},{\"@type\":\"WebSite\",\"@id\":\"https:\/\/www.best-bottles.de\/#website\",\"url\":\"https:\/\/www.best-bottles.de\/\",\"name\":\"Best Bottles - Ihr Partner f\u00fcr RUM &amp; Co\",\"description\":\"Eine weitere WordPress-Seite\",\"publisher\":{\"@id\":\"https:\/\/www.best-bottles.de\/#organization\"},\"potentialAction\":[{\"@type\":\"SearchAction\",\"target\":{\"@type\":\"EntryPoint\",\"urlTemplate\":\"https:\/\/www.best-bottles.de\/?s={search_term_string}\"},\"query-input\":\"required name=search_term_string\"}],\"inLanguage\":\"de\"},{\"@type\":\"ImageObject\",\"@id\":\"https:\/\/www.best-bottles.de\/?page_id=113#primaryimage\",\"inLanguage\":\"de\",\"url\":\"https:\/\/www.best-bottles.de\/wp-content\/uploads\/2015\/12\/bacardi-cola.jpg\",\"contentUrl\":\"https:\/\/www.best-bottles.de\/wp-content\/uploads\/2015\/12\/bacardi-cola.jpg\",\"width\":1631,\"height\":1165,\"caption\":\"Glass of cola drink on bar counter with ice cubes and splash\"},{\"@type\":\"WebPage\",\"@id\":\"https:\/\/www.best-bottles.de\/?page_id=113#webpage\",\"url\":\"https:\/\/www.best-bottles.de\/?page_id=113\",\"name\":\"RUM Cola Rezept - Der Klassiker auf jeder Party\",\"isPartOf\":{\"@id\":\"https:\/\/www.best-bottles.de\/#website\"},\"primaryImageOfPage\":{\"@id\":\"https:\/\/www.best-bottles.de\/?page_id=113#primaryimage\"},\"datePublished\":\"2015-12-27T13:17:19+00:00\",\"dateModified\":\"2016-08-09T08:33:37+00:00\",\"description\":\"RUM Cola; Der Urvater aller Cocktailmischungen ob Cuba Libre oder Bacardi Cola. Hier findet Ihr das beste RUM Cola Rezept.\",\"breadcrumb\":{\"@id\":\"https:\/\/www.best-bottles.de\/?page_id=113#breadcrumb\"},\"inLanguage\":\"de\",\"potentialAction\":[{\"@type\":\"ReadAction\",\"target\":[\"https:\/\/www.best-bottles.de\/?page_id=113\"]}]},{\"@type\":\"BreadcrumbList\",\"@id\":\"https:\/\/www.best-bottles.de\/?page_id=113#breadcrumb\",\"itemListElement\":[{\"@type\":\"ListItem\",\"position\":1,\"name\":\"Home\",\"item\":\"https:\/\/www.best-bottles.de\/\"},{\"@type\":\"ListItem\",\"position\":2,\"name\":\"Rezepte\",\"item\":\"https:\/\/www.best-bottles.de\/?page_id=70\"},{\"@type\":\"ListItem\",\"position\":3,\"name\":\"Rum Cola Rezept\"}]}]}<\/script>\n<!-- \/ Yoast SEO plugin. -->","yoast_head_json":{"title":"RUM Cola Rezept - Der Klassiker auf jeder Party","description":"RUM Cola; Der Urvater aller Cocktailmischungen ob Cuba Libre oder Bacardi Cola. Hier findet Ihr das beste RUM Cola Rezept.","robots":{"index":"index","follow":"follow","max-snippet":"max-snippet:-1","max-image-preview":"max-image-preview:large","max-video-preview":"max-video-preview:-1"},"canonical":"https:\/\/www.best-bottles.de\/?page_id=113","og_locale":"de_DE","og_type":"article","og_title":"RUM Cola Rezept - Der Klassiker auf jeder Party","og_description":"RUM Cola; Der Urvater aller Cocktailmischungen ob Cuba Libre oder Bacardi Cola. Hier findet Ihr das beste RUM Cola Rezept.","og_url":"https:\/\/www.best-bottles.de\/?page_id=113","og_site_name":"Best Bottles - Ihr Partner f\u00fcr RUM &amp; Co","article_modified_time":"2016-08-09T08:33:37+00:00","og_image":[{"width":1631,"height":1165,"url":"https:\/\/www.best-bottles.de\/wp-content\/uploads\/2015\/12\/bacardi-cola.jpg","type":"image\/jpeg"}],"twitter_card":"summary","twitter_misc":{"Gesch\u00e4tzte Lesezeit":"2\u00a0Minuten"},"schema":{"@context":"https:\/\/schema.org","@graph":[{"@type":"Organization","@id":"https:\/\/www.best-bottles.de\/#organization","name":"best-bottles.de","url":"https:\/\/www.best-bottles.de\/","sameAs":[],"logo":{"@type":"ImageObject","@id":"https:\/\/www.best-bottles.de\/#logo","inLanguage":"de","url":"https:\/\/www.best-bottles.de\/wp-content\/uploads\/2016\/01\/logo.jpg","contentUrl":"https:\/\/www.best-bottles.de\/wp-content\/uploads\/2016\/01\/logo.jpg","width":646,"height":646,"caption":"best-bottles.de"},"image":{"@id":"https:\/\/www.best-bottles.de\/#logo"}},{"@type":"WebSite","@id":"https:\/\/www.best-bottles.de\/#website","url":"https:\/\/www.best-bottles.de\/","name":"Best Bottles - Ihr Partner f\u00fcr RUM &amp; Co","description":"Eine weitere WordPress-Seite","publisher":{"@id":"https:\/\/www.best-bottles.de\/#organization"},"potentialAction":[{"@type":"SearchAction","target":{"@type":"EntryPoint","urlTemplate":"https:\/\/www.best-bottles.de\/?s={search_term_string}"},"query-input":"required name=search_term_string"}],"inLanguage":"de"},{"@type":"ImageObject","@id":"https:\/\/www.best-bottles.de\/?page_id=113#primaryimage","inLanguage":"de","url":"https:\/\/www.best-bottles.de\/wp-content\/uploads\/2015\/12\/bacardi-cola.jpg","contentUrl":"https:\/\/www.best-bottles.de\/wp-content\/uploads\/2015\/12\/bacardi-cola.jpg","width":1631,"height":1165,"caption":"Glass of cola drink on bar counter with ice cubes and splash"},{"@type":"WebPage","@id":"https:\/\/www.best-bottles.de\/?page_id=113#webpage","url":"https:\/\/www.best-bottles.de\/?page_id=113","name":"RUM Cola Rezept - Der Klassiker auf jeder Party","isPartOf":{"@id":"https:\/\/www.best-bottles.de\/#website"},"primaryImageOfPage":{"@id":"https:\/\/www.best-bottles.de\/?page_id=113#primaryimage"},"datePublished":"2015-12-27T13:17:19+00:00","dateModified":"2016-08-09T08:33:37+00:00","description":"RUM Cola; Der Urvater aller Cocktailmischungen ob Cuba Libre oder Bacardi Cola. Hier findet Ihr das beste RUM Cola Rezept.","breadcrumb":{"@id":"https:\/\/www.best-bottles.de\/?page_id=113#breadcrumb"},"inLanguage":"de","potentialAction":[{"@type":"ReadAction","target":["https:\/\/www.best-bottles.de\/?page_id=113"]}]},{"@type":"BreadcrumbList","@id":"https:\/\/www.best-bottles.de\/?page_id=113#breadcrumb","itemListElement":[{"@type":"ListItem","position":1,"name":"Home","item":"https:\/\/www.best-bottles.de\/"},{"@type":"ListItem","position":2,"name":"Rezepte","item":"https:\/\/www.best-bottles.de\/?page_id=70"},{"@type":"ListItem","position":3,"name":"Rum Cola Rezept"}]}]}},"_links":{"self":[{"href":"https:\/\/www.best-bottles.de\/index.php?rest_route=\/wp\/v2\/pages\/113"}],"collection":[{"href":"https:\/\/www.best-bottles.de\/index.php?rest_route=\/wp\/v2\/pages"}],"about":[{"href":"https:\/\/www.best-bottles.de\/index.php?rest_route=\/wp\/v2\/types\/page"}],"author":[{"embeddable":true,"href":"https:\/\/www.best-bottles.de\/index.php?rest_route=\/wp\/v2\/users\/1"}],"replies":[{"embeddable":true,"href":"https:\/\/www.best-bottles.de\/index.php?rest_route=%2Fwp%2Fv2%2Fcomments&post=113"}],"version-history":[{"count":9,"href":"https:\/\/www.best-bottles.de\/index.php?rest_route=\/wp\/v2\/pages\/113\/revisions"}],"predecessor-version":[{"id":1461,"href":"https:\/\/www.best-bottles.de\/index.php?rest_route=\/wp\/v2\/pages\/113\/revisions\/1461"}],"up":[{"embeddable":true,"href":"https:\/\/www.best-bottles.de\/index.php?rest_route=\/wp\/v2\/pages\/70"}],"wp:featuredmedia":[{"embeddable":true,"href":"https:\/\/www.best-bottles.de\/index.php?rest_route=\/wp\/v2\/media\/120"}],"wp:attachment":[{"href":"https:\/\/www.best-bottles.de\/index.php?rest_route=%2Fwp%2Fv2%2Fmedia&parent=113"}],"wp:term":[{"taxonomy":"post_tag","embeddable":true,"href":"https:\/\/www.best-bottles.de\/index.php?rest_route=%2Fwp%2Fv2%2Ftags&post=113"}],"curies":[{"name":"wp","href":"https:\/\/api.w.org\/{rel}","templated":true}]}}